Last updated on 2022-08-12 21:53:08 CEST.
Flavor | Version | Tinstall | Tcheck | Ttotal | Status | Flags |
---|---|---|---|---|---|---|
r-devel-linux-x86_64-debian-clang | 3.3.4 | 16.62 | 394.38 | 411.00 | NOTE | |
r-devel-linux-x86_64-debian-gcc | 3.3.4 | 14.24 | 313.24 | 327.48 | NOTE | |
r-devel-linux-x86_64-fedora-clang | 3.3.4 | 566.82 | OK | |||
r-devel-linux-x86_64-fedora-gcc | 3.3.4 | 561.02 | OK | |||
r-devel-windows-x86_64 | 3.3.4 | 23.00 | 424.00 | 447.00 | OK | |
r-patched-linux-x86_64 | 3.3.4 | 19.56 | 407.23 | 426.79 | OK | |
r-release-linux-x86_64 | 3.3.4 | 16.15 | 392.16 | 408.31 | OK | |
r-release-macos-arm64 | 3.3.4 | 125.00 | OK | |||
r-release-macos-x86_64 | 3.3.4 | 250.00 | OK | |||
r-release-windows-x86_64 | 3.3.4 | 62.00 | 419.00 | 481.00 | OK | |
r-oldrel-macos-arm64 | 3.3.4 | 126.00 | OK | |||
r-oldrel-macos-x86_64 | 3.3.4 | 226.00 | OK | |||
r-oldrel-windows-ix86+x86_64 | 3.3.4 | 36.00 | 403.00 | 439.00 | OK |
Version: 3.3.4
Check: HTML version of manual
Result: NOTE
Found the following math rendering problems:
plot.osmose.Rd:501: Can't use function '$' in math mode in freq = 1/x$model$start
plot.osmose.config.Rd:141: Can't use function '$' in math mode in freq = 1/x$model$start
Flavors: r-devel-linux-x86_64-debian-clang, r-devel-linux-x86_64-debian-gcc