CRAN Package Check Results for Package orthoDr

Last updated on 2021-06-13 21:48:20 CEST.

Flavor Version Tinstall Tcheck Ttotal Status Flags
r-devel-linux-x86_64-debian-clang 0.6.4 308.55 108.32 416.87 OK
r-devel-linux-x86_64-debian-gcc 0.6.4 199.72 84.37 284.09 OK
r-devel-linux-x86_64-fedora-clang 0.6.4 582.51 NOTE
r-devel-linux-x86_64-fedora-gcc 0.6.4 512.54 OK
r-devel-windows-x86_64 0.6.4 344.00 140.00 484.00 OK
r-devel-windows-x86_64-gcc10-UCRT 0.6.4 OK
r-patched-linux-x86_64 0.6.4 236.53 103.63 340.16 OK
r-patched-solaris-x86 0.6.4 498.60 OK
r-release-linux-x86_64 0.6.4 233.74 103.66 337.40 OK
r-release-macos-arm64 0.6.4 NOTE
r-release-macos-x86_64 0.6.4 NOTE
r-release-windows-ix86+x86_64 0.6.4 662.00 187.00 849.00 OK
r-oldrel-macos-x86_64 0.6.4 NOTE
r-oldrel-windows-ix86+x86_64 0.6.4 657.00 192.00 849.00 OK

Check Details

Version: 0.6.4
Check: installed package size
Result: NOTE
     installed size is 16.5Mb
     sub-directories of 1Mb or more:
     libs 16.2Mb
Flavors: r-devel-linux-x86_64-fedora-clang, r-release-macos-arm64, r-release-macos-x86_64, r-oldrel-macos-x86_64