CRAN Package Check Results for Package origami

Last updated on 2021-07-24 07:49:33 CEST.

Flavor Version Tinstall Tcheck Ttotal Status Flags
r-devel-linux-x86_64-debian-clang 1.0.3 3.75 83.35 87.10 NOTE
r-devel-linux-x86_64-debian-gcc 1.0.3 2.64 58.60 61.24 NOTE
r-devel-linux-x86_64-fedora-clang 1.0.3 107.65 NOTE
r-devel-linux-x86_64-fedora-gcc 1.0.3 99.79 NOTE
r-devel-windows-x86_64 1.0.3 4.00 79.00 83.00 NOTE
r-devel-windows-x86_64-gcc10-UCRT 1.0.3 NOTE
r-patched-linux-x86_64 1.0.3 3.68 77.50 81.18 NOTE
r-patched-solaris-x86 1.0.3 148.50 NOTE
r-release-linux-x86_64 1.0.3 3.38 79.16 82.54 NOTE
r-release-macos-arm64 1.0.3 NOTE
r-release-macos-x86_64 1.0.3 NOTE
r-release-windows-ix86+x86_64 1.0.3 7.00 78.00 85.00 NOTE
r-oldrel-macos-x86_64 1.0.3 OK
r-oldrel-windows-ix86+x86_64 1.0.3 8.00 108.00 116.00 OK

Check Details

Version: 1.0.3
Check: LazyData
Result: NOTE
     'LazyData' is specified without a 'data' directory
Flavors: r-devel-linux-x86_64-debian-clang, r-devel-linux-x86_64-debian-gcc, r-devel-linux-x86_64-fedora-clang, r-devel-linux-x86_64-fedora-gcc, r-devel-windows-x86_64, r-devel-windows-x86_64-gcc10-UCRT, r-patched-linux-x86_64, r-patched-solaris-x86, r-release-linux-x86_64, r-release-macos-arm64, r-release-macos-x86_64, r-release-windows-ix86+x86_64

Version: 1.0.3
Check: Rd cross-references
Result: NOTE
    Undeclared package ‘glmnet’ in Rd xrefs
Flavor: r-devel-linux-x86_64-fedora-clang