CRAN Package Check Results for Package oreo

Last updated on 2021-06-16 21:51:50 CEST.

Flavor Version Tinstall Tcheck Ttotal Status Flags
r-devel-linux-x86_64-debian-clang 1.0 4.98 39.19 44.17 OK
r-devel-linux-x86_64-debian-gcc 1.0 3.81 30.73 34.54 OK
r-devel-linux-x86_64-fedora-clang 1.0 61.61 NOTE
r-devel-linux-x86_64-fedora-gcc 1.0 51.36 NOTE
r-devel-windows-x86_64 1.0 8.00 61.00 69.00 OK
r-devel-windows-x86_64-gcc10-UCRT 1.0 NOTE
r-patched-linux-x86_64 1.0 4.76 38.07 42.83 OK
r-patched-solaris-x86 1.0 81.00 NOTE
r-release-linux-x86_64 1.0 4.77 37.56 42.33 OK
r-release-macos-arm64 1.0 NOTE
r-release-macos-x86_64 1.0 NOTE
r-release-windows-ix86+x86_64 1.0 8.00 57.00 65.00 OK
r-oldrel-macos-x86_64 1.0 NOTE
r-oldrel-windows-ix86+x86_64 1.0 9.00 44.00 53.00 OK

Check Details

Version: 1.0
Check: dependencies in R code
Result: NOTE
    Namespaces in Imports field not imported from:
     ‘ggplot2’ ‘gridExtra’ ‘scales’ ‘tools’
     All declared Imports should be used.
Flavors: r-devel-linux-x86_64-fedora-clang, r-devel-linux-x86_64-fedora-gcc, r-devel-windows-x86_64-gcc10-UCRT, r-patched-solaris-x86, r-release-macos-arm64, r-release-macos-x86_64, r-oldrel-macos-x86_64