CRAN Package Check Results for Package oreo

Last updated on 2021-12-01 23:51:45 CET.

Flavor Version Tinstall Tcheck Ttotal Status Flags
r-devel-linux-x86_64-debian-clang 1.0 4.38 38.53 42.91 OK
r-devel-linux-x86_64-debian-gcc 1.0 3.06 30.56 33.62 OK
r-devel-linux-x86_64-fedora-clang 1.0 62.96 NOTE
r-devel-linux-x86_64-fedora-gcc 1.0 52.91 NOTE
r-devel-windows-x86_64-new-UL 1.0 13.00 74.00 87.00 OK
r-devel-windows-x86_64-new-TK 1.0 NOTE
r-devel-windows-x86_64-old 1.0 9.00 48.00 57.00 OK
r-patched-linux-x86_64 1.0 5.52 36.51 42.03 OK
r-patched-solaris-x86 1.0 81.20 NOTE
r-release-linux-x86_64 1.0 4.59 36.82 41.41 OK
r-release-macos-arm64 1.0 NOTE
r-release-macos-x86_64 1.0 NOTE
r-release-windows-ix86+x86_64 1.0 12.00 58.00 70.00 OK
r-oldrel-macos-x86_64 1.0 NOTE
r-oldrel-windows-ix86+x86_64 1.0 11.00 58.00 69.00 OK

Check Details

Version: 1.0
Check: dependencies in R code
Result: NOTE
    Namespaces in Imports field not imported from:
     ‘ggplot2’ ‘gridExtra’ ‘scales’ ‘tools’
     All declared Imports should be used.
Flavors: r-devel-linux-x86_64-fedora-clang, r-devel-linux-x86_64-fedora-gcc, r-devel-windows-x86_64-new-TK, r-patched-solaris-x86, r-release-macos-arm64, r-release-macos-x86_64, r-oldrel-macos-x86_64