CRAN Package Check Results for Package ore

Last updated on 2021-09-26 16:49:21 CEST.

Flavor Version Tinstall Tcheck Ttotal Status Flags
r-devel-linux-x86_64-debian-clang 1.6.3 22.38 27.16 49.54 WARN
r-devel-linux-x86_64-debian-gcc 1.6.3 16.02 21.57 37.59 WARN
r-devel-linux-x86_64-fedora-clang 1.6.3 76.72 OK
r-devel-linux-x86_64-fedora-gcc 1.6.3 60.66 OK
r-devel-windows-x86_64 1.6.3 37.00 35.00 72.00 OK
r-devel-windows-x86_64-gcc10-UCRT 1.6.3 OK
r-patched-linux-x86_64 1.6.3 18.41 26.29 44.70 WARN
r-patched-solaris-x86 1.6.3 80.60 OK
r-release-linux-x86_64 1.6.3 18.39 26.36 44.75 WARN
r-release-macos-arm64 1.6.3 OK
r-release-macos-x86_64 1.6.3 OK
r-release-windows-ix86+x86_64 1.6.3 84.00 40.00 124.00 OK
r-oldrel-macos-x86_64 1.6.3 OK
r-oldrel-windows-ix86+x86_64 1.6.3 85.00 38.00 123.00 OK

Check Details

Version: 1.6.3
Check: top-level files
Result: WARN
     Output from running autoreconf:
     configure.ac:4: warning: The macro `AC_CONFIG_HEADER' is obsolete.
     configure.ac:4: You should run autoupdate.
     ./lib/autoconf/status.m4:719: AC_CONFIG_HEADER is expanded from...
     configure.ac:4: the top level
     configure.ac:38: warning: The macro `AC_HEADER_STDC' is obsolete.
     configure.ac:38: You should run autoupdate.
     ./lib/autoconf/headers.m4:704: AC_HEADER_STDC is expanded from...
     configure.ac:38: the top level
     configure.ac:48: warning: The macro `AC_HEADER_TIME' is obsolete.
     configure.ac:48: You should run autoupdate.
     ./lib/autoconf/headers.m4:743: AC_HEADER_TIME is expanded from...
     configure.ac:48: the top level
Flavors: r-devel-linux-x86_64-debian-clang, r-devel-linux-x86_64-debian-gcc, r-patched-linux-x86_64, r-release-linux-x86_64