Last updated on 2023-03-23 04:53:27 CET.
Flavor | Version | Tinstall | Tcheck | Ttotal | Status | Flags |
---|---|---|---|---|---|---|
r-devel-linux-x86_64-debian-clang | 0.1.1 | 13.16 | 136.67 | 149.83 | OK | |
r-devel-linux-x86_64-debian-gcc | 0.1.1 | 10.64 | 100.80 | 111.44 | OK | |
r-devel-linux-x86_64-fedora-clang | 0.1.1 | 182.24 | NOTE | |||
r-devel-linux-x86_64-fedora-gcc | 0.1.1 | 183.37 | NOTE | |||
r-patched-linux-x86_64 | 0.1.1 | 16.03 | 122.53 | 138.56 | OK | |
r-release-linux-x86_64 | 0.1.1 | 9.94 | 124.42 | 134.36 | OK | |
r-release-macos-arm64 | 0.1.1 | 53.00 | NOTE | |||
r-release-macos-x86_64 | 0.1.1 | 72.00 | NOTE | |||
r-release-windows-x86_64 | 0.1.1 | 108.00 | 327.00 | 435.00 | OK | |
r-oldrel-macos-arm64 | 0.1.1 | 60.00 | NOTE | |||
r-oldrel-macos-x86_64 | 0.1.1 | 74.00 | NOTE | |||
r-oldrel-windows-ix86+x86_64 | 0.1.1 | 25.00 | 157.00 | 182.00 | OK |
Version: 0.1.1
Check: Rd cross-references
Result: NOTE
Undeclared package ‘pillar’ in Rd xrefs
Flavor: r-devel-linux-x86_64-fedora-clang
Version: 0.1.1
Check: data for non-ASCII characters
Result: NOTE
Note: found 4 marked UTF-8 strings
Flavors: r-devel-linux-x86_64-fedora-clang, r-devel-linux-x86_64-fedora-gcc, r-release-macos-arm64, r-release-macos-x86_64, r-oldrel-macos-arm64, r-oldrel-macos-x86_64