Last updated on 2025-06-23 12:50:01 CEST.
Flavor | Version | Tinstall | Tcheck | Ttotal | Status | Flags |
---|---|---|---|---|---|---|
r-devel-linux-x86_64-debian-clang | 0.1-1 | 32.25 | 65.52 | 97.77 | OK | |
r-devel-linux-x86_64-debian-gcc | 0.1-1 | 21.88 | 48.34 | 70.22 | OK | |
r-devel-linux-x86_64-fedora-clang | 0.1-1 | 187.73 | OK | |||
r-devel-linux-x86_64-fedora-gcc | 0.1-1 | 155.01 | OK | |||
r-devel-windows-x86_64 | 0.1-1 | 40.00 | 92.00 | 132.00 | OK | |
r-patched-linux-x86_64 | 0.1-1 | 32.34 | 62.26 | 94.60 | OK | |
r-release-linux-x86_64 | 0.1-1 | 31.53 | 62.75 | 94.28 | OK | |
r-release-macos-arm64 | 0.1-1 | 48.00 | OK | |||
r-release-macos-x86_64 | 0.1-1 | 82.00 | OK | |||
r-release-windows-x86_64 | 0.1-1 | 41.00 | 88.00 | 129.00 | OK | |
r-oldrel-macos-arm64 | 0.1-1 | 45.00 | NOTE | |||
r-oldrel-macos-x86_64 | 0.1-1 | 73.00 | NOTE | |||
r-oldrel-windows-x86_64 | 0.1-1 | 49.00 | 111.00 | 160.00 | NOTE |
Version: 0.1-1
Check: LazyData
Result: NOTE
'LazyData' is specified without a 'data' directory
Flavors: r-oldrel-macos-arm64, r-oldrel-macos-x86_64, r-oldrel-windows-x86_64