CRAN Package Check Results for Package optiSolve

Last updated on 2024-07-21 18:54:18 CEST.

Flavor Version Tinstall Tcheck Ttotal Status Flags
r-devel-linux-x86_64-debian-clang 1.0 12.54 99.65 112.19 OK
r-devel-linux-x86_64-debian-gcc 1.0 8.14 76.06 84.20 OK
r-devel-linux-x86_64-fedora-clang 1.0 144.30 NOTE
r-devel-linux-x86_64-fedora-gcc 1.0 132.05 NOTE
r-devel-windows-x86_64 1.0 10.00 91.00 101.00 OK
r-patched-linux-x86_64 1.0 9.93 98.59 108.52 OK
r-release-linux-x86_64 1.0 6.47 98.94 105.41 OK
r-release-macos-arm64 1.0 43.00 OK
r-release-macos-x86_64 1.0 60.00 OK
r-release-windows-x86_64 1.0 11.00 92.00 103.00 OK
r-oldrel-macos-arm64 1.0 48.00 OK
r-oldrel-macos-x86_64 1.0 72.00 OK
r-oldrel-windows-x86_64 1.0 12.00 115.00 127.00 OK

Check Details

Version: 1.0
Check: dependencies in R code
Result: NOTE Namespace in Imports field not imported from: ‘Matrix’ All declared Imports should be used. Flavors: r-devel-linux-x86_64-fedora-clang, r-devel-linux-x86_64-fedora-gcc