CRAN Package Check Results for Package optBiomarker

Last updated on 2021-09-23 04:56:36 CEST.

Flavor Version Tinstall Tcheck Ttotal Status Flags
r-devel-linux-x86_64-debian-clang 1.0-28 12.38 91.39 103.77 OK
r-devel-linux-x86_64-debian-gcc 1.0-28 8.95 70.80 79.75 OK
r-devel-linux-x86_64-fedora-clang 1.0-28 132.07 OK
r-devel-linux-x86_64-fedora-gcc 1.0-28 121.66 OK
r-devel-windows-x86_64 1.0-28 12.00 81.00 93.00 OK
r-devel-windows-x86_64-gcc10-UCRT 1.0-28 ERROR
r-patched-linux-x86_64 1.0-28 12.21 90.54 102.75 OK
r-patched-solaris-x86 1.0-28 162.60 OK
r-release-linux-x86_64 1.0-28 10.08 90.43 100.51 OK
r-release-macos-arm64 1.0-28 OK
r-release-macos-x86_64 1.0-28 OK
r-release-windows-ix86+x86_64 1.0-28 24.00 81.00 105.00 OK
r-oldrel-macos-x86_64 1.0-28 OK
r-oldrel-windows-ix86+x86_64 1.0-28 17.00 82.00 99.00 OK

Check Details

Version: 1.0-28
Check: package dependencies
Result: ERROR
    Package required but not available: 'rgl'
    
    See section 'The DESCRIPTION file' in the 'Writing R Extensions'
    manual.
Flavor: r-devel-windows-x86_64-gcc10-UCRT