CRAN Package Check Results for Package oppr

Last updated on 2024-06-25 07:06:28 CEST.

Flavor Version Tinstall Tcheck Ttotal Status Flags
r-devel-linux-x86_64-debian-clang 1.0.4 259.75 189.06 448.81 NOTE
r-devel-linux-x86_64-debian-gcc 1.0.4 176.02 140.56 316.58 NOTE
r-devel-linux-x86_64-fedora-clang 1.0.4 643.02 NOTE
r-devel-linux-x86_64-fedora-gcc 1.0.4 681.88 NOTE
r-devel-windows-x86_64 1.0.4 203.00 191.00 394.00 NOTE
r-patched-linux-x86_64 1.0.4 227.45 182.44 409.89 NOTE
r-release-linux-x86_64 1.0.4 156.22 182.33 338.55 NOTE
r-release-macos-arm64 1.0.4 131.00 NOTE
r-release-macos-x86_64 1.0.4 144.00 NOTE
r-release-windows-x86_64 1.0.4 209.00 194.00 403.00 NOTE
r-oldrel-macos-arm64 1.0.4 155.00 NOTE
r-oldrel-macos-x86_64 1.0.4 295.00 NOTE
r-oldrel-windows-x86_64 1.0.4 244.00 240.00 484.00 NOTE

Check Details

Version: 1.0.4
Check: package dependencies
Result: NOTE Package suggested but not available for checking: ‘gurobi’ Flavors: r-devel-linux-x86_64-debian-clang, r-devel-linux-x86_64-debian-gcc, r-devel-linux-x86_64-fedora-clang, r-devel-linux-x86_64-fedora-gcc, r-devel-windows-x86_64, r-patched-linux-x86_64, r-release-linux-x86_64, r-release-macos-arm64, r-release-macos-x86_64, r-release-windows-x86_64, r-oldrel-macos-x86_64, r-oldrel-windows-x86_64

Version: 1.0.4
Check: C++ specification
Result: NOTE Specified C++11: please drop specification unless essential Flavors: r-devel-linux-x86_64-debian-clang, r-devel-linux-x86_64-debian-gcc, r-devel-linux-x86_64-fedora-clang, r-devel-linux-x86_64-fedora-gcc, r-devel-windows-x86_64, r-patched-linux-x86_64, r-release-linux-x86_64, r-release-macos-arm64, r-release-macos-x86_64, r-release-windows-x86_64, r-oldrel-macos-arm64, r-oldrel-macos-x86_64, r-oldrel-windows-x86_64

Version: 1.0.4
Check: installed package size
Result: NOTE installed size is 7.8Mb sub-directories of 1Mb or more: libs 6.2Mb Flavors: r-release-macos-arm64, r-release-macos-x86_64, r-oldrel-macos-arm64, r-oldrel-macos-x86_64

Version: 1.0.4
Check: package dependencies
Result: NOTE Packages suggested but not available for checking: 'gurobi', 'lpsymphony' Flavor: r-oldrel-macos-arm64