Last updated on 2023-05-31 23:27:26 CEST.
Flavor | Version | Tinstall | Tcheck | Ttotal | Status | Flags |
---|---|---|---|---|---|---|
r-devel-linux-x86_64-debian-clang | 0.7 | 84.99 | 281.58 | 366.57 | OK | |
r-devel-linux-x86_64-debian-gcc | 0.7 | 73.23 | 214.07 | 287.30 | OK | |
r-devel-linux-x86_64-fedora-clang | 0.7 | 461.85 | NOTE | |||
r-devel-linux-x86_64-fedora-gcc | 0.7 | 489.86 | OK | |||
r-devel-windows-x86_64 | 0.7 | 61.00 | 231.00 | 292.00 | NOTE | |
r-patched-linux-x86_64 | 0.7 | OK | ||||
r-release-linux-x86_64 | 0.7 | 79.38 | 274.52 | 353.90 | OK | |
r-release-macos-arm64 | 0.7 | 133.00 | NOTE | |||
r-release-macos-x86_64 | 0.6 | 229.00 | NOTE | |||
r-release-windows-x86_64 | 0.7 | 69.00 | 270.00 | 339.00 | NOTE | |
r-oldrel-macos-arm64 | 0.7 | 128.00 | NOTE | |||
r-oldrel-macos-x86_64 | 0.7 | 141.00 | NOTE | |||
r-oldrel-windows-x86_64 | 0.7 | 79.00 | 244.00 | 323.00 | NOTE |
Version: 0.7
Check: installed package size
Result: NOTE
installed size is 5.4Mb
sub-directories of 1Mb or more:
doc 1.5Mb
extdata 1.3Mb
Flavors: r-devel-linux-x86_64-fedora-clang, r-devel-windows-x86_64, r-release-macos-arm64, r-release-windows-x86_64, r-oldrel-macos-arm64, r-oldrel-macos-x86_64, r-oldrel-windows-x86_64
Version: 0.6
Check: installed package size
Result: NOTE
installed size is 9.7Mb
sub-directories of 1Mb or more:
doc 1.4Mb
extdata 1.3Mb
libs 5.2Mb
Flavor: r-release-macos-x86_64