CRAN Package Check Results for Package openxlsx

Last updated on 2021-10-26 16:49:42 CEST.

Flavor Version Tinstall Tcheck Ttotal Status Flags
r-devel-linux-x86_64-debian-clang 4.2.4 118.18 116.38 234.56 OK
r-devel-linux-x86_64-debian-gcc 4.2.4 99.42 85.91 185.33 OK
r-devel-linux-x86_64-fedora-clang 4.2.4 339.51 NOTE
r-devel-linux-x86_64-fedora-gcc 4.2.4 308.22 OK
r-devel-windows-x86_64 4.2.4 169.00 163.00 332.00 OK
r-devel-windows-x86_64-gcc10-UCRT 4.2.4 OK
r-patched-linux-x86_64 4.2.4 105.74 112.53 218.27 OK
r-patched-solaris-x86 4.2.4 330.20 OK
r-release-linux-x86_64 4.2.4 109.86 110.83 220.69 OK
r-release-macos-arm64 4.2.4 NOTE
r-release-macos-x86_64 4.2.4 NOTE
r-release-windows-ix86+x86_64 4.2.4 188.00 244.00 432.00 OK
r-oldrel-macos-x86_64 4.2.4 NOTE
r-oldrel-windows-ix86+x86_64 4.2.4 281.00 232.00 513.00 OK

Check Details

Version: 4.2.4
Check: installed package size
Result: NOTE
     installed size is 7.1Mb
     sub-directories of 1Mb or more:
     extdata 1.1Mb
     libs 4.8Mb
Flavors: r-devel-linux-x86_64-fedora-clang, r-release-macos-arm64, r-release-macos-x86_64, r-oldrel-macos-x86_64