CRAN Package Check Results for Package openblender

Last updated on 2022-07-03 05:49:56 CEST.

Flavor Version Tinstall Tcheck Ttotal Status Flags
r-devel-linux-x86_64-debian-clang 0.5.81 2.91 25.67 28.58 NOTE
r-devel-linux-x86_64-debian-gcc 0.5.81 2.07 20.35 22.42 NOTE
r-devel-linux-x86_64-fedora-clang 0.5.81 45.33 NOTE
r-devel-linux-x86_64-fedora-gcc 0.5.81 44.82 NOTE
r-devel-windows-x86_64 0.5.81 13.00 50.00 63.00 NOTE
r-patched-linux-x86_64 0.5.81 2.27 25.27 27.54 NOTE
r-release-linux-x86_64 0.5.81 2.66 26.11 28.77 NOTE
r-release-macos-arm64 0.5.81 15.00 NOTE
r-release-macos-x86_64 0.5.81 23.00 NOTE
r-release-windows-x86_64 0.5.81 16.00 52.00 68.00 NOTE
r-oldrel-macos-arm64 0.5.81 21.00 NOTE
r-oldrel-macos-x86_64 0.5.81 26.00 NOTE
r-oldrel-windows-ix86+x86_64 0.5.81 6.00 44.00 50.00 NOTE

Check Details

Version: 0.5.81
Check: LazyData
Result: NOTE
     'LazyData' is specified without a 'data' directory
Flavors: r-devel-linux-x86_64-debian-clang, r-devel-linux-x86_64-debian-gcc, r-devel-linux-x86_64-fedora-clang, r-devel-linux-x86_64-fedora-gcc, r-devel-windows-x86_64, r-patched-linux-x86_64, r-release-linux-x86_64, r-release-macos-arm64, r-release-macos-x86_64, r-release-windows-x86_64, r-oldrel-macos-arm64, r-oldrel-macos-x86_64, r-oldrel-windows-ix86+x86_64