CRAN Package Check Results for Package openadds

Last updated on 2021-09-24 04:51:49 CEST.

Flavor Version Tinstall Tcheck Ttotal Status Flags
r-devel-linux-x86_64-debian-clang 0.2.0 5.52 48.79 54.31 NOTE
r-devel-linux-x86_64-debian-gcc 0.2.0 4.45 38.68 43.13 NOTE
r-devel-linux-x86_64-fedora-clang 0.2.0 73.85 NOTE
r-devel-linux-x86_64-fedora-gcc 0.2.0 62.74 NOTE
r-devel-windows-x86_64 0.2.0 11.00 69.00 80.00 NOTE
r-devel-windows-x86_64-gcc10-UCRT 0.2.0 NOTE
r-patched-linux-x86_64 0.2.0 5.25 46.00 51.25 NOTE
r-patched-solaris-x86 0.2.0 104.80 NOTE
r-release-linux-x86_64 0.2.0 4.60 46.60 51.20 NOTE
r-release-macos-arm64 0.2.0 NOTE
r-release-macos-x86_64 0.2.0 NOTE
r-release-windows-ix86+x86_64 0.2.0 23.00 74.00 97.00 NOTE
r-oldrel-macos-x86_64 0.2.0 OK
r-oldrel-windows-ix86+x86_64 0.2.0 16.00 76.00 92.00 OK

Check Details

Version: 0.2.0
Check: LazyData
Result: NOTE
     'LazyData' is specified without a 'data' directory
Flavors: r-devel-linux-x86_64-debian-clang, r-devel-linux-x86_64-debian-gcc, r-devel-linux-x86_64-fedora-clang, r-devel-linux-x86_64-fedora-gcc, r-devel-windows-x86_64, r-devel-windows-x86_64-gcc10-UCRT, r-patched-linux-x86_64, r-patched-solaris-x86, r-release-linux-x86_64, r-release-macos-arm64, r-release-macos-x86_64, r-release-windows-ix86+x86_64