CRAN Package Check Results for Package openMSE

Last updated on 2022-10-02 11:54:20 CEST.

Flavor Version Tinstall Tcheck Ttotal Status Flags
r-devel-linux-x86_64-debian-clang 1.0.0 11.76 114.61 126.37 NOTE
r-devel-linux-x86_64-debian-gcc 1.0.0 10.41 87.10 97.51 NOTE
r-devel-linux-x86_64-fedora-clang 1.0.0 169.14 NOTE
r-devel-linux-x86_64-fedora-gcc 1.0.0 158.74 NOTE
r-devel-windows-x86_64 1.0.0 14.00 131.00 145.00 NOTE
r-patched-linux-x86_64 1.0.0 9.79 106.29 116.08 NOTE
r-release-linux-x86_64 1.0.0 9.16 107.44 116.60 NOTE
r-release-macos-arm64 1.0.0 37.00 NOTE
r-release-macos-x86_64 1.0.0 72.00 NOTE
r-release-windows-x86_64 1.0.0 24.00 130.00 154.00 NOTE
r-oldrel-macos-arm64 1.0.0 44.00 NOTE
r-oldrel-macos-x86_64 1.0.0 56.00 NOTE
r-oldrel-windows-ix86+x86_64 1.0.0 32.00 125.00 157.00 NOTE

Check Details

Version: 1.0.0
Check: LazyData
Result: NOTE
     'LazyData' is specified without a 'data' directory
Flavors: r-devel-linux-x86_64-debian-clang, r-devel-linux-x86_64-debian-gcc, r-devel-linux-x86_64-fedora-clang, r-devel-linux-x86_64-fedora-gcc, r-devel-windows-x86_64, r-patched-linux-x86_64, r-release-linux-x86_64, r-release-macos-arm64, r-release-macos-x86_64, r-release-windows-x86_64, r-oldrel-macos-arm64, r-oldrel-macos-x86_64, r-oldrel-windows-ix86+x86_64