CRAN Package Check Results for Package ontologySimilarity

Last updated on 2022-10-02 11:54:20 CEST.

Flavor Version Tinstall Tcheck Ttotal Status Flags
r-devel-linux-x86_64-debian-clang 2.5 55.15 153.78 208.93 OK
r-devel-linux-x86_64-debian-gcc 2.5 40.14 122.62 162.76 OK
r-devel-linux-x86_64-fedora-clang 2.5 288.17 OK
r-devel-linux-x86_64-fedora-gcc 2.5 262.60 OK
r-devel-windows-x86_64 2.5 140.00 217.00 357.00 OK
r-patched-linux-x86_64 2.5 42.85 147.26 190.11 OK
r-release-linux-x86_64 2.5 44.19 143.53 187.72 OK
r-release-macos-arm64 2.5 104.00 OK
r-release-macos-x86_64 2.5 129.00 OK
r-release-windows-x86_64 2.5 120.00 219.00 339.00 OK
r-oldrel-macos-arm64 2.5 120.00 OK
r-oldrel-macos-x86_64 2.5 147.00 NOTE
r-oldrel-windows-ix86+x86_64 2.5 137.00 208.00 345.00 OK

Check Details

Version: 2.5
Check: package dependencies
Result: NOTE
    Package suggested but not available for checking: ‘paintmap’
Flavor: r-oldrel-macos-x86_64