CRAN Package Check Results for Package ontologyIndex

Last updated on 2021-09-21 04:55:24 CEST.

Flavor Version Tinstall Tcheck Ttotal Status Flags
r-devel-linux-x86_64-debian-clang 2.7 2.70 38.17 40.87 OK
r-devel-linux-x86_64-debian-gcc 2.7 2.16 30.03 32.19 OK
r-devel-linux-x86_64-fedora-clang 2.7 57.58 OK
r-devel-linux-x86_64-fedora-gcc 2.7 48.42 OK
r-devel-windows-x86_64 2.7 4.00 42.00 46.00 OK
r-devel-windows-x86_64-gcc10-UCRT 2.7 ERROR
r-patched-linux-x86_64 2.7 3.06 37.98 41.04 OK
r-patched-solaris-x86 2.7 73.90 OK
r-release-linux-x86_64 2.7 2.73 37.80 40.53 OK
r-release-macos-arm64 2.7 OK
r-release-macos-x86_64 2.7 OK
r-release-windows-ix86+x86_64 2.7 7.00 39.00 46.00 OK
r-oldrel-macos-x86_64 2.7 OK
r-oldrel-windows-ix86+x86_64 2.7 5.00 41.00 46.00 OK

Check Details

Version: 2.7
Check: whether package can be installed
Result: WARN
    Found the following significant warnings:
     WARNING: installation-time patches will not be applied, could not get the patches index
Flavor: r-devel-windows-x86_64-gcc10-UCRT

Version: 2.7
Check: PDF version of manual
Result: WARN
    LaTeX errors when creating PDF version.
    This typically indicates Rd problems.
Flavor: r-devel-windows-x86_64-gcc10-UCRT

Version: 2.7
Check: PDF version of manual without hyperrefs or index
Result: ERROR
    Re-running with no redirection of stdout/stderr.
Flavor: r-devel-windows-x86_64-gcc10-UCRT