Last updated on 2023-01-28 04:57:02 CET.
Flavor | Version | Tinstall | Tcheck | Ttotal | Status | Flags |
---|---|---|---|---|---|---|
r-devel-linux-x86_64-debian-clang | 1.0.0 | 9.14 | 77.60 | 86.74 | OK | |
r-devel-linux-x86_64-debian-gcc | 1.0.0 | 6.55 | 57.89 | 64.44 | OK | |
r-devel-linux-x86_64-fedora-clang | 1.0.0 | 103.56 | NOTE | |||
r-devel-linux-x86_64-fedora-gcc | 1.0.0 | 99.98 | NOTE | |||
r-patched-linux-x86_64 | 1.0.0 | 8.32 | 75.34 | 83.66 | OK | |
r-release-linux-x86_64 | 1.0.0 | 8.70 | 75.65 | 84.35 | OK | |
r-release-macos-arm64 | 1.0.0 | 27.00 | NOTE | |||
r-release-macos-x86_64 | 1.0.0 | 57.00 | NOTE | |||
r-release-windows-x86_64 | 1.0.0 | 35.00 | 106.00 | 141.00 | OK | |
r-oldrel-macos-arm64 | 1.0.0 | 35.00 | NOTE | |||
r-oldrel-macos-x86_64 | 1.0.0 | 46.00 | NOTE | |||
r-oldrel-windows-ix86+x86_64 | 1.0.0 | 21.00 | 104.00 | 125.00 | OK |
Version: 1.0.0
Check: data for non-ASCII characters
Result: NOTE
Note: found 34 marked UTF-8 strings
Flavors: r-devel-linux-x86_64-fedora-clang, r-devel-linux-x86_64-fedora-gcc, r-release-macos-arm64, r-release-macos-x86_64, r-oldrel-macos-arm64, r-oldrel-macos-x86_64