CRAN Package Check Results for Package onlineforecast

Last updated on 2021-07-24 19:50:25 CEST.

Flavor Version Tinstall Tcheck Ttotal Status Flags
r-devel-linux-x86_64-debian-clang 0.9.3 51.32 182.58 233.90 OK
r-devel-linux-x86_64-debian-gcc 0.9.3 33.78 131.72 165.50 OK
r-devel-linux-x86_64-fedora-clang 0.9.3 297.21 OK
r-devel-linux-x86_64-fedora-gcc 0.9.3 278.22 OK
r-devel-windows-x86_64 0.9.3 46.00 194.00 240.00 OK
r-devel-windows-x86_64-gcc10-UCRT 0.9.3 OK
r-patched-linux-x86_64 0.9.3 39.36 174.11 213.47 OK
r-patched-solaris-x86 0.9.3 343.40 OK
r-release-linux-x86_64 0.9.3 38.18 175.34 213.52 OK
r-release-macos-arm64 0.9.3 NOTE
r-release-macos-x86_64 0.9.3 NOTE
r-release-windows-ix86+x86_64 0.9.3 110.00 272.00 382.00 NOTE
r-oldrel-macos-x86_64 0.9.3 NOTE
r-oldrel-windows-ix86+x86_64 0.9.3 114.00 252.00 366.00 NOTE

Check Details

Version: 0.9.3
Check: installed package size
Result: NOTE
     installed size is 5.7Mb
     sub-directories of 1Mb or more:
     doc 3.1Mb
     libs 1.9Mb
Flavors: r-release-macos-arm64, r-release-macos-x86_64, r-release-windows-ix86+x86_64, r-oldrel-macos-x86_64, r-oldrel-windows-ix86+x86_64