CRAN Package Check Results for Package omu

Last updated on 2021-08-01 19:51:37 CEST.

Flavor Version Tinstall Tcheck Ttotal Status Flags
r-devel-linux-x86_64-debian-clang 1.0.4 17.86 217.08 234.94 OK
r-devel-linux-x86_64-debian-gcc 1.0.4 15.33 159.91 175.24 OK
r-devel-linux-x86_64-fedora-clang 1.0.4 282.98 OK
r-devel-linux-x86_64-fedora-gcc 1.0.4 269.71 OK
r-devel-windows-x86_64 1.0.4 26.00 263.00 289.00 OK
r-devel-windows-x86_64-gcc10-UCRT 1.0.4 OK
r-patched-linux-x86_64 1.0.4 OK
r-patched-solaris-x86 1.0.4 368.90 OK
r-release-linux-x86_64 1.0.4 13.41 202.63 216.04 OK
r-release-macos-arm64 1.0.4 WARN
r-release-macos-x86_64 1.0.4 OK
r-release-windows-ix86+x86_64 1.0.4 42.00 248.00 290.00 OK
r-oldrel-macos-x86_64 1.0.4 ERROR
r-oldrel-windows-ix86+x86_64 1.0.4 29.00 247.00 276.00 OK

Check Details

Version: 1.0.4
Check: re-building of vignette outputs
Result: WARN
    Error(s) in re-building vignettes:
    --- re-building ‘Omu_vignette.Rmd’ using rmarkdown
    Warning in engine$weave(file, quiet = quiet, encoding = enc) :
     Pandoc (>= 1.12.3) not available. Falling back to R Markdown v1.
    Warning: `funs()` was deprecated in dplyr 0.8.0.
    Please use a list of either functions or lambdas:
    
     # Simple named list:
     list(mean = mean, median = median)
    
     # Auto named with `tibble::lst()`:
     tibble::lst(mean, median)
    
     # Using lambdas
     list(~ mean(., trim = .2), ~ median(., na.rm = TRUE))
    This warning is displayed once every 8 hours.
    Call `lifecycle::last_warnings()` to see where this warning was generated.
    Warning: `group_by_()` was deprecated in dplyr 0.7.0.
    Please use `group_by()` instead.
    See vignette('programming') for more help
    This warning is displayed once every 8 hours.
    Call `lifecycle::last_warnings()` to see where this warning was generated.
    Quitting from lines 266-269 (Omu_vignette.Rmd)
    Error: processing vignette 'Omu_vignette.Rmd' failed with diagnostics:
    polygon edge not found
    --- failed re-building ‘Omu_vignette.Rmd’
    
    SUMMARY: processing the following file failed:
     ‘Omu_vignette.Rmd’
    
    Error: Vignette re-building failed.
    Execution halted
Flavor: r-release-macos-arm64

Version: 1.0.4
Check: package dependencies
Result: ERROR
    Package required but not available: ‘KEGGREST’
    
    See section ‘The DESCRIPTION file’ in the ‘Writing R Extensions’
    manual.
Flavor: r-oldrel-macos-x86_64