CRAN Package Check Results for Package officer

Last updated on 2021-07-28 07:49:33 CEST.

Flavor Version Tinstall Tcheck Ttotal Status Flags
r-devel-linux-x86_64-debian-clang 0.3.19 OK
r-devel-linux-x86_64-debian-gcc 0.3.19 15.08 75.30 90.38 OK
r-devel-linux-x86_64-fedora-clang 0.3.19 152.94 OK
r-devel-linux-x86_64-fedora-gcc 0.3.19 142.51 OK
r-devel-windows-x86_64 0.3.19 30.00 140.00 170.00 OK
r-devel-windows-x86_64-gcc10-UCRT 0.3.18 OK
r-patched-linux-x86_64 0.3.19 21.20 95.08 116.28 OK
r-patched-solaris-x86 0.3.19 179.50 NOTE
r-release-linux-x86_64 0.3.19 17.84 96.42 114.26 OK
r-release-macos-arm64 0.3.19 ERROR
r-release-macos-x86_64 0.3.19 OK
r-release-windows-ix86+x86_64 0.3.19 25.00 118.00 143.00 OK
r-oldrel-macos-x86_64 0.3.19 OK
r-oldrel-windows-ix86+x86_64 0.3.18 25.00 137.00 162.00 OK

Check Details

Version: 0.3.19
Check: package dependencies
Result: NOTE
    Package suggested but not available for checking: ‘rsvg’
Flavor: r-patched-solaris-x86

Version: 0.3.19
Check: examples
Result: ERROR
    Running examples in ‘officer-Ex.R’ failed
    The error most likely occurred in:
    
    > ### Name: body_add_gg
    > ### Title: add ggplot
    > ### Aliases: body_add_gg
    >
    > ### ** Examples
    >
    > if( require("ggplot2") ){
    + doc <- read_docx()
    +
    + gg_plot <- ggplot(data = iris ) +
    + geom_point(mapping = aes(Sepal.Length, Petal.Length))
    +
    + if( capabilities(what = "png") )
    + doc <- body_add_gg(doc, value = gg_plot, style = "centered" )
    +
    + print(doc, target = tempfile(fileext = ".docx") )
    + }
    Loading required package: ggplot2
    Warning in grid.Call.graphics(C_text, as.graphicsAnnot(x$label), x$x, x$y, :
     no font could be found for family "Arial"
    Warning in grid.Call.graphics(C_text, as.graphicsAnnot(x$label), x$x, x$y, :
     no font could be found for family "Arial"
    Warning in grid.Call.graphics(C_text, as.graphicsAnnot(x$label), x$x, x$y, :
     no font could be found for family "Arial"
    Warning in grid.Call(C_stringMetric, as.graphicsAnnot(x$label)) :
     no font could be found for family "Arial"
    Warning in grid.Call(C_stringMetric, as.graphicsAnnot(x$label)) :
     no font could be found for family "Arial"
    Warning in grid.Call(C_stringMetric, as.graphicsAnnot(x$label)) :
     no font could be found for family "Arial"
    Warning in grid.Call(C_stringMetric, as.graphicsAnnot(x$label)) :
     no font could be found for family "Arial"
    Warning in grid.Call(C_stringMetric, as.graphicsAnnot(x$label)) :
     no font could be found for family "Arial"
    Warning in grid.Call(C_stringMetric, as.graphicsAnnot(x$label)) :
     no font could be found for family "Arial"
    Warning in grid.Call(C_stringMetric, as.graphicsAnnot(x$label)) :
     no font could be found for family "Arial"
    Warning in grid.Call(C_stringMetric, as.graphicsAnnot(x$label)) :
     no font could be found for family "Arial"
    Warning in grid.Call(C_stringMetric, as.graphicsAnnot(x$label)) :
     no font could be found for family "Arial"
    Warning in grid.Call(C_stringMetric, as.graphicsAnnot(x$label)) :
     no font could be found for family "Arial"
    Warning in grid.Call(C_stringMetric, as.graphicsAnnot(x$label)) :
     no font could be found for family "Arial"
    Warning in grid.Call(C_stringMetric, as.graphicsAnnot(x$label)) :
     no font could be found for family "Arial"
    Warning in grid.Call(C_stringMetric, as.graphicsAnnot(x$label)) :
     no font could be found for family "Arial"
    Warning in grid.Call(C_stringMetric, as.graphicsAnnot(x$label)) :
     no font could be found for family "Arial"
    Warning in grid.Call(C_stringMetric, as.graphicsAnnot(x$label)) :
     no font could be found for family "Arial"
    Warning in grid.Call(C_stringMetric, as.graphicsAnnot(x$label)) :
     no font could be found for family "Arial"
    Warning in grid.Call(C_stringMetric, as.graphicsAnnot(x$label)) :
     no font could be found for family "Arial"
    Warning in grid.Call(C_stringMetric, as.graphicsAnnot(x$label)) :
     no font could be found for family "Arial"
    Warning in grid.Call(C_stringMetric, as.graphicsAnnot(x$label)) :
     no font could be found for family "Arial"
    Warning in grid.Call(C_stringMetric, as.graphicsAnnot(x$label)) :
     no font could be found for family "Arial"
    Warning in grid.Call(C_stringMetric, as.graphicsAnnot(x$label)) :
     no font could be found for family "Arial"
    Warning in grid.Call(C_stringMetric, as.graphicsAnnot(x$label)) :
     no font could be found for family "Arial"
    Warning in grid.Call(C_stringMetric, as.graphicsAnnot(x$label)) :
     no font could be found for family "Arial"
    Warning in grid.Call(C_stringMetric, as.graphicsAnnot(x$label)) :
     no font could be found for family "Arial"
    Warning in grid.Call(C_stringMetric, as.graphicsAnnot(x$label)) :
     no font could be found for family "Arial"
    Warning in grid.Call(C_stringMetric, as.graphicsAnnot(x$label)) :
     no font could be found for family "Arial"
    Warning in grid.Call(C_stringMetric, as.graphicsAnnot(x$label)) :
     no font could be found for family "Arial"
    Warning in grid.Call(C_stringMetric, as.graphicsAnnot(x$label)) :
     no font could be found for family "Arial"
    Warning in grid.Call(C_textBounds, as.graphicsAnnot(x$label), x$x, x$y, :
     no font could be found for family "Arial"
    Error in grid.Call(C_textBounds, as.graphicsAnnot(x$label), x$x, x$y, :
     polygon edge not found
    Calls: body_add_gg ... <Anonymous> -> widthDetails -> widthDetails.text -> grid.Call
    Execution halted
Flavor: r-release-macos-arm64

Version: 0.3.19
Check: tests
Result: ERROR
     Running ‘testthat.R’ [5s/12s]
    Running the tests in ‘tests/testthat.R’ failed.
    Last 13 lines of output:
     24. │ └─grid::pushViewport(vp, recording = FALSE)
     25. │ └─base::lapply(vps, push.vp, recording)
     26. │ ├─grid:::FUN(X[[i]], ...)
     27. │ └─grid:::push.vp.vpTree(X[[i]], ...)
     28. │ ├─grid:::push.vp(vp$parent, recording)
     29. │ └─grid:::push.vp.viewport(vp$parent, recording)
     30. │ └─grid:::grid.Call.graphics(C_setviewport, vp, TRUE)
     31. └─(function (x) ...
     32. ├─grid::widthDetails(x)
     33. └─grid:::widthDetails.text(x)
     34. └─grid:::grid.Call(...)
    
     [ FAIL 1 | WARN 29 | SKIP 0 | PASS 451 ]
     Error: Test failures
     Execution halted
Flavor: r-release-macos-arm64