CRAN Package Check Results for Package oeli

Last updated on 2024-06-16 17:58:07 CEST.

Flavor Version Tinstall Tcheck Ttotal Status Flags
r-devel-linux-x86_64-debian-clang 0.5.0 123.04 176.51 299.55 OK
r-devel-linux-x86_64-debian-gcc 0.5.0 82.65 129.74 212.39 OK
r-devel-linux-x86_64-fedora-clang 0.5.0 414.02 OK
r-devel-linux-x86_64-fedora-gcc 0.5.0 396.12 OK
r-devel-windows-x86_64 0.5.0 89.00 194.00 283.00 OK
r-patched-linux-x86_64 0.5.0 76.68 167.14 243.82 OK
r-release-linux-x86_64 0.5.0 73.13 167.29 240.42 OK
r-release-macos-arm64 0.5.0 116.00 NOTE
r-release-macos-x86_64 0.5.0 140.00 NOTE
r-release-windows-x86_64 0.5.0 91.00 197.00 288.00 OK
r-oldrel-macos-arm64 0.5.0 127.00 NOTE
r-oldrel-macos-x86_64 0.5.0 271.00 NOTE
r-oldrel-windows-x86_64 0.5.0 112.00 228.00 340.00 OK

Check Details

Version: 0.5.0
Check: installed package size
Result: NOTE installed size is 8.0Mb sub-directories of 1Mb or more: libs 7.5Mb Flavors: r-release-macos-arm64, r-release-macos-x86_64, r-oldrel-macos-arm64, r-oldrel-macos-x86_64