CRAN Package Check Results for Package odin

Last updated on 2022-01-23 00:57:19 CET.

Flavor Version Tinstall Tcheck Ttotal Status Flags
r-devel-linux-x86_64-debian-clang 1.2.1 10.75 146.99 157.74 OK
r-devel-linux-x86_64-debian-gcc 1.2.1 8.20 107.75 115.95 OK
r-devel-linux-x86_64-fedora-clang 1.2.1 185.83 OK
r-devel-linux-x86_64-fedora-gcc 1.2.1 181.35 OK
r-devel-windows-x86_64-new-UL 1.2.1 117.00 226.00 343.00 OK
r-devel-windows-x86_64-new-TK 0.0.1 OK
r-patched-linux-x86_64 1.2.1 9.33 140.81 150.14 OK
r-release-linux-x86_64 1.2.1 9.10 141.78 150.88 OK
r-release-macos-arm64 1.2.1 OK
r-release-macos-x86_64 1.2.1 WARN
r-release-windows-ix86+x86_64 1.2.1 17.00 180.00 197.00 OK
r-oldrel-macos-x86_64 1.2.1 WARN
r-oldrel-windows-ix86+x86_64 1.2.1 18.00 186.00 204.00 OK

Check Details

Version: 1.2.1
Check: re-building of vignette outputs
Result: WARN
    Error(s) in re-building vignettes:
    --- re-building ‘discrete.Rmd’ using rmarkdown
    Warning in engine$weave(file, quiet = quiet, encoding = enc) :
     Pandoc (>= 1.12.3) not available. Falling back to R Markdown v1.
    Error: processing vignette 'discrete.Rmd' failed with diagnostics:
    there is no package called 'stringi'
    --- failed re-building ‘discrete.Rmd’
    
    --- re-building ‘functions.Rmd’ using rmarkdown
    Warning in engine$weave(file, quiet = quiet, encoding = enc) :
     Pandoc (>= 1.12.3) not available. Falling back to R Markdown v1.
    Error: processing vignette 'functions.Rmd' failed with diagnostics:
    there is no package called 'stringi'
    --- failed re-building ‘functions.Rmd’
    
    --- re-building ‘odin.Rmd’ using rmarkdown
    Warning in engine$weave(file, quiet = quiet, encoding = enc) :
     Pandoc (>= 1.12.3) not available. Falling back to R Markdown v1.
    Error: processing vignette 'odin.Rmd' failed with diagnostics:
    there is no package called 'stringi'
    --- failed re-building ‘odin.Rmd’
    
    SUMMARY: processing the following files failed:
     ‘discrete.Rmd’ ‘functions.Rmd’ ‘odin.Rmd’
    
    Error: Vignette re-building failed.
    Execution halted
Flavors: r-release-macos-x86_64, r-oldrel-macos-x86_64