Last updated on 2022-07-04 05:50:12 CEST.
Flavor | Version | Tinstall | Tcheck | Ttotal | Status | Flags |
---|---|---|---|---|---|---|
r-devel-linux-x86_64-debian-clang | 0.4.0 | 10.64 | 71.48 | 82.12 | OK | |
r-devel-linux-x86_64-debian-gcc | 0.4.0 | 10.81 | 52.83 | 63.64 | OK | |
r-devel-linux-x86_64-fedora-clang | 0.4.0 | 110.51 | NOTE | |||
r-devel-linux-x86_64-fedora-gcc | 0.4.0 | 109.97 | NOTE | |||
r-devel-windows-x86_64 | 0.4.0 | 27.00 | 96.00 | 123.00 | OK | |
r-patched-linux-x86_64 | 0.4.0 | 10.63 | 65.95 | 76.58 | OK | |
r-release-linux-x86_64 | 0.4.0 | 10.29 | 66.86 | 77.15 | OK | |
r-release-macos-arm64 | 0.4.0 | 35.00 | NOTE | |||
r-release-macos-x86_64 | 0.4.0 | 56.00 | NOTE | |||
r-release-windows-x86_64 | 0.4.0 | 30.00 | 96.00 | 126.00 | OK | |
r-oldrel-macos-arm64 | 0.4.0 | 50.00 | NOTE | |||
r-oldrel-macos-x86_64 | 0.4.0 | 62.00 | NOTE | |||
r-oldrel-windows-ix86+x86_64 | 0.4.0 | 19.00 | 131.00 | 150.00 | OK |
Version: 0.4.0
Check: data for non-ASCII characters
Result: NOTE
Note: found 6409 marked UTF-8 strings
Flavors: r-devel-linux-x86_64-fedora-clang, r-devel-linux-x86_64-fedora-gcc, r-release-macos-arm64, r-release-macos-x86_64, r-oldrel-macos-arm64, r-oldrel-macos-x86_64
Version: 0.4.0
Check: installed package size
Result: NOTE
installed size is 5.3Mb
sub-directories of 1Mb or more:
data 5.0Mb
Flavors: r-release-macos-arm64, r-oldrel-macos-arm64