CRAN Package Check Results for Package nvctr

Last updated on 2021-06-18 21:53:24 CEST.

Flavor Version Tinstall Tcheck Ttotal Status Flags
r-devel-linux-x86_64-debian-clang 0.1.4 2.85 30.91 33.76 NOTE
r-devel-linux-x86_64-debian-gcc 0.1.4 1.85 24.33 26.18 NOTE
r-devel-linux-x86_64-fedora-clang 0.1.4 48.79 NOTE
r-devel-linux-x86_64-fedora-gcc 0.1.4 38.38 NOTE
r-devel-windows-x86_64 0.1.4 5.00 38.00 43.00 NOTE
r-devel-windows-x86_64-gcc10-UCRT 0.1.4 NOTE
r-patched-linux-x86_64 0.1.4 2.98 29.83 32.81 NOTE
r-patched-solaris-x86 0.1.4 57.30 NOTE
r-release-linux-x86_64 0.1.4 2.31 29.78 32.09 NOTE
r-release-macos-arm64 0.1.4 NOTE
r-release-macos-x86_64 0.1.4 NOTE
r-release-windows-ix86+x86_64 0.1.4 6.00 51.00 57.00 NOTE
r-oldrel-macos-x86_64 0.1.4 OK
r-oldrel-windows-ix86+x86_64 0.1.4 5.00 52.00 57.00 OK

Check Details

Version: 0.1.4
Check: LazyData
Result: NOTE
     'LazyData' is specified without a 'data' directory
Flavors: r-devel-linux-x86_64-debian-clang, r-devel-linux-x86_64-debian-gcc, r-devel-linux-x86_64-fedora-clang, r-devel-linux-x86_64-fedora-gcc, r-devel-windows-x86_64, r-devel-windows-x86_64-gcc10-UCRT, r-patched-linux-x86_64, r-patched-solaris-x86, r-release-linux-x86_64, r-release-macos-arm64, r-release-macos-x86_64, r-release-windows-ix86+x86_64