CRAN Package Check Results for Package nullabor

Last updated on 2021-09-23 04:56:36 CEST.

Flavor Version Tinstall Tcheck Ttotal Status Flags
r-devel-linux-x86_64-debian-clang 0.3.9 10.04 324.36 334.40 OK
r-devel-linux-x86_64-debian-gcc 0.3.9 8.65 237.58 246.23 OK
r-devel-linux-x86_64-fedora-clang 0.3.9 376.42 NOTE
r-devel-linux-x86_64-fedora-gcc 0.3.9 374.23 NOTE
r-devel-windows-x86_64 0.3.9 12.00 276.00 288.00 OK
r-devel-windows-x86_64-gcc10-UCRT 0.3.9 ERROR
r-patched-linux-x86_64 0.3.9 9.16 115.66 124.82 OK
r-patched-solaris-x86 0.3.9 488.90 NOTE
r-release-linux-x86_64 0.3.9 8.92 115.95 124.87 OK
r-release-macos-arm64 0.3.9 NOTE
r-release-macos-x86_64 0.3.9 NOTE
r-release-windows-ix86+x86_64 0.3.9 24.00 113.00 137.00 OK
r-oldrel-macos-x86_64 0.3.9 NOTE
r-oldrel-windows-ix86+x86_64 0.3.9 19.00 118.00 137.00 OK

Check Details

Version: 0.3.9
Check: dependencies in R code
Result: NOTE
    Namespaces in Imports field not imported from:
     ‘forecast’ ‘rlang’ ‘tsibble’ ‘viridis’
     All declared Imports should be used.
Flavors: r-devel-linux-x86_64-fedora-clang, r-devel-linux-x86_64-fedora-gcc, r-devel-windows-x86_64-gcc10-UCRT, r-patched-solaris-x86, r-release-macos-arm64, r-release-macos-x86_64, r-oldrel-macos-x86_64

Version: 0.3.9
Check: PDF version of manual
Result: WARN
    LaTeX errors when creating PDF version.
    This typically indicates Rd problems.
Flavor: r-devel-windows-x86_64-gcc10-UCRT

Version: 0.3.9
Check: PDF version of manual without hyperrefs or index
Result: ERROR
    Re-running with no redirection of stdout/stderr.
Flavor: r-devel-windows-x86_64-gcc10-UCRT