CRAN Package Check Results for Package nullabor

Last updated on 2022-08-14 21:53:16 CEST.

Flavor Version Tinstall Tcheck Ttotal Status Flags
r-devel-linux-x86_64-debian-clang 0.3.9 12.49 524.19 536.68 OK
r-devel-linux-x86_64-debian-gcc 0.3.9 9.75 393.62 403.37 OK
r-devel-linux-x86_64-fedora-clang 0.3.9 659.95 NOTE
r-devel-linux-x86_64-fedora-gcc 0.3.9 625.95 NOTE
r-devel-windows-x86_64 0.3.9 35.00 547.00 582.00 OK
r-patched-linux-x86_64 0.3.9 10.26 491.38 501.64 OK
r-release-linux-x86_64 0.3.9 10.95 497.10 508.05 OK
r-release-macos-arm64 0.3.9 106.00 NOTE
r-release-macos-x86_64 0.3.9 275.00 NOTE
r-release-windows-x86_64 0.3.9 45.00 551.00 596.00 OK
r-oldrel-macos-arm64 0.3.9 166.00 NOTE
r-oldrel-macos-x86_64 0.3.9 236.00 NOTE
r-oldrel-windows-ix86+x86_64 0.3.9 27.00 184.00 211.00 OK

Check Details

Version: 0.3.9
Check: dependencies in R code
Result: NOTE
    Namespaces in Imports field not imported from:
     ‘forecast’ ‘rlang’ ‘tsibble’ ‘viridis’
     All declared Imports should be used.
Flavors: r-devel-linux-x86_64-fedora-clang, r-devel-linux-x86_64-fedora-gcc, r-release-macos-arm64, r-release-macos-x86_64, r-oldrel-macos-arm64, r-oldrel-macos-x86_64