CRAN Package Check Results for Package nph

Last updated on 2021-11-29 23:50:45 CET.

Flavor Version Tinstall Tcheck Ttotal Status Flags
r-devel-linux-x86_64-debian-clang 2.0 5.60 133.20 138.80 NOTE
r-devel-linux-x86_64-debian-gcc 2.0 4.27 99.19 103.46 NOTE
r-devel-linux-x86_64-fedora-clang 2.0 176.49 NOTE
r-devel-linux-x86_64-fedora-gcc 2.0 167.58 NOTE
r-devel-windows-x86_64-new-UL 2.0 16.00 220.00 236.00 NOTE
r-devel-windows-x86_64-new-TK 2.0 NOTE
r-devel-windows-x86_64-old 2.0 11.00 144.00 155.00 NOTE
r-patched-linux-x86_64 2.0 5.80 125.03 130.83 NOTE
r-patched-solaris-x86 2.0 134.10 NOTE
r-release-linux-x86_64 2.0 6.46 125.89 132.35 NOTE
r-release-macos-arm64 2.0 NOTE
r-release-macos-x86_64 2.0 NOTE
r-release-windows-ix86+x86_64 2.0 16.00 138.00 154.00 NOTE
r-oldrel-macos-x86_64 2.0 OK
r-oldrel-windows-ix86+x86_64 2.0 11.00 169.00 180.00 OK

Check Details

Version: 2.0
Check: LazyData
Result: NOTE
     'LazyData' is specified without a 'data' directory
Flavors: r-devel-linux-x86_64-debian-clang, r-devel-linux-x86_64-debian-gcc, r-devel-linux-x86_64-fedora-clang, r-devel-linux-x86_64-fedora-gcc, r-devel-windows-x86_64-new-UL, r-devel-windows-x86_64-new-TK, r-devel-windows-x86_64-old, r-patched-linux-x86_64, r-patched-solaris-x86, r-release-linux-x86_64, r-release-macos-arm64, r-release-macos-x86_64, r-release-windows-ix86+x86_64