Last updated on 2022-07-07 05:56:07 CEST.
Flavor | Version | Tinstall | Tcheck | Ttotal | Status | Flags |
---|---|---|---|---|---|---|
r-devel-linux-x86_64-debian-clang | 3.2 | 18.84 | 87.54 | 106.38 | OK | |
r-devel-linux-x86_64-debian-gcc | 3.2 | 13.09 | 65.05 | 78.14 | OK | |
r-devel-linux-x86_64-fedora-clang | 3.2 | 136.06 | NOTE | |||
r-devel-linux-x86_64-fedora-gcc | 3.2 | 130.59 | NOTE | |||
r-devel-windows-x86_64 | 3.2 | 46.00 | 108.00 | 154.00 | OK | |
r-patched-linux-x86_64 | 3.2 | 14.45 | 82.85 | 97.30 | OK | |
r-release-linux-x86_64 | 3.2 | 11.30 | 83.88 | 95.18 | OK | |
r-release-macos-arm64 | 3.2 | 35.00 | NOTE | |||
r-release-macos-x86_64 | 3.2 | 62.00 | NOTE | |||
r-release-windows-x86_64 | 3.2 | 28.00 | 115.00 | 143.00 | OK | |
r-oldrel-macos-arm64 | 3.2 | 35.00 | NOTE | |||
r-oldrel-macos-x86_64 | 3.2 | 50.00 | NOTE | |||
r-oldrel-windows-ix86+x86_64 | 3.2 | 35.00 | 102.00 | 137.00 | OK |
Version: 3.2
Check: dependencies in R code
Result: NOTE
Namespace in Imports field not imported from: ‘testthat’
All declared Imports should be used.
Flavors: r-devel-linux-x86_64-fedora-clang, r-devel-linux-x86_64-fedora-gcc, r-release-macos-arm64, r-release-macos-x86_64, r-oldrel-macos-arm64, r-oldrel-macos-x86_64