CRAN Package Check Results for Package norgeo

Last updated on 2022-07-06 17:49:10 CEST.

Flavor Version Tinstall Tcheck Ttotal Status Flags
r-devel-linux-x86_64-debian-clang 2.1.0 3.55 42.90 46.45 OK
r-devel-linux-x86_64-debian-gcc 2.1.0 2.83 31.96 34.79 OK
r-devel-linux-x86_64-fedora-clang 2.1.0 69.73 NOTE
r-devel-linux-x86_64-fedora-gcc 2.1.0 69.14 NOTE
r-devel-windows-x86_64 2.1.0 27.00 89.00 116.00 OK
r-patched-linux-x86_64 2.1.0 3.37 40.31 43.68 OK
r-release-linux-x86_64 2.1.0 3.25 39.58 42.83 OK
r-release-macos-arm64 2.1.0 46.00 NOTE
r-release-macos-x86_64 2.1.0 70.00 NOTE
r-release-windows-x86_64 2.1.0 29.00 88.00 117.00 OK
r-oldrel-macos-arm64 2.1.0 47.00 NOTE
r-oldrel-macos-x86_64 2.1.0 56.00 NOTE
r-oldrel-windows-ix86+x86_64 2.1.0 8.00 80.00 88.00 OK

Check Details

Version: 2.1.0
Check: package subdirectories
Result: NOTE
    Problems with news in ‘NEWS.md’:
     Cannot extract version info from the following section titles:
     norgeo (development version)
Flavors: r-devel-linux-x86_64-fedora-clang, r-devel-linux-x86_64-fedora-gcc

Version: 2.1.0
Check: dependencies in R code
Result: NOTE
    Namespaces in Imports field not imported from:
     ‘progressr’ ‘vcr’
     All declared Imports should be used.
Flavors: r-devel-linux-x86_64-fedora-clang, r-devel-linux-x86_64-fedora-gcc, r-release-macos-arm64, r-release-macos-x86_64, r-oldrel-macos-arm64, r-oldrel-macos-x86_64