CRAN Package Check Results for Package nor1mix

Last updated on 2022-01-27 12:53:56 CET.

Flavor Version Tinstall Tcheck Ttotal Status Flags
r-devel-linux-x86_64-debian-clang 1.3-0 2.43 40.40 42.83 OK
r-devel-linux-x86_64-debian-gcc 1.3-0 2.23 31.14 33.37 OK
r-devel-linux-x86_64-fedora-clang 1.3-0 54.38 NOTE
r-devel-linux-x86_64-fedora-gcc 1.3-0 43.09 OK
r-devel-windows-x86_64-new-UL 1.3-0 23.00 60.00 83.00 OK
r-devel-windows-x86_64-new-TK 1.3-0 OK
r-patched-linux-x86_64 1.3-0 2.90 38.93 41.83 OK
r-release-linux-x86_64 1.3-0 2.39 39.00 41.39 OK
r-release-macos-arm64 1.3-0 OK
r-release-macos-x86_64 1.3-0 OK
r-release-windows-ix86+x86_64 1.3-0 6.00 49.00 55.00 OK
r-oldrel-macos-x86_64 1.3-0 OK
r-oldrel-windows-ix86+x86_64 1.3-0 7.00 48.00 55.00 OK

Check Details

Version: 1.3-0
Check: Rd cross-references
Result: NOTE
    Undeclared package ‘copula’ in Rd xrefs
Flavor: r-devel-linux-x86_64-fedora-clang