CRAN Package Check Results for Package nomogramFormula

Last updated on 2022-07-05 05:52:57 CEST.

Flavor Version Tinstall Tcheck Ttotal Status Flags
r-devel-linux-x86_64-debian-clang 1.2.0.0 3.03 34.33 37.36 NOTE
r-devel-linux-x86_64-debian-gcc 1.2.0.0 2.22 26.48 28.70 NOTE
r-devel-linux-x86_64-fedora-clang 1.2.0.0 55.36 NOTE
r-devel-linux-x86_64-fedora-gcc 1.2.0.0 54.59 NOTE
r-devel-windows-x86_64 1.2.0.0 16.00 59.00 75.00 NOTE
r-patched-linux-x86_64 1.2.0.0 2.19 33.69 35.88 NOTE
r-release-linux-x86_64 1.2.0.0 1.72 32.72 34.44 NOTE
r-release-macos-arm64 1.2.0.0 21.00 NOTE
r-release-macos-x86_64 1.2.0.0 32.00 NOTE
r-release-windows-x86_64 1.2.0.0 12.00 61.00 73.00 NOTE
r-oldrel-macos-arm64 1.2.0.0 23.00 NOTE
r-oldrel-macos-x86_64 1.2.0.0 29.00 NOTE
r-oldrel-windows-ix86+x86_64 1.2.0.0 8.00 52.00 60.00 NOTE

Check Details

Version: 1.2.0.0
Check: LazyData
Result: NOTE
     'LazyData' is specified without a 'data' directory
Flavors: r-devel-linux-x86_64-debian-clang, r-devel-linux-x86_64-debian-gcc, r-devel-linux-x86_64-fedora-clang, r-devel-linux-x86_64-fedora-gcc, r-devel-windows-x86_64, r-patched-linux-x86_64, r-release-linux-x86_64, r-release-macos-arm64, r-release-macos-x86_64, r-release-windows-x86_64, r-oldrel-macos-arm64, r-oldrel-macos-x86_64, r-oldrel-windows-ix86+x86_64