CRAN Package Check Results for Package nomogramEx

Last updated on 2021-06-17 21:52:50 CEST.

Flavor Version Tinstall Tcheck Ttotal Status Flags
r-devel-linux-x86_64-debian-clang 3.0 12.42 104.16 116.58 NOTE
r-devel-linux-x86_64-debian-gcc 3.0 9.03 77.72 86.75 NOTE
r-devel-linux-x86_64-fedora-clang 3.0 146.73 NOTE
r-devel-linux-x86_64-fedora-gcc 3.0 134.43 NOTE
r-devel-windows-x86_64 3.0 20.00 120.00 140.00 NOTE
r-devel-windows-x86_64-gcc10-UCRT 3.0 NOTE
r-patched-linux-x86_64 3.0 11.05 97.54 108.59 NOTE
r-patched-solaris-x86 3.0 200.20 NOTE
r-release-linux-x86_64 3.0 10.49 96.72 107.21 NOTE
r-release-macos-arm64 3.0 NOTE
r-release-macos-x86_64 3.0 NOTE
r-release-windows-ix86+x86_64 3.0 30.00 119.00 149.00 NOTE
r-oldrel-macos-x86_64 3.0 OK
r-oldrel-windows-ix86+x86_64 3.0 24.00 123.00 147.00 OK

Check Details

Version: 3.0
Check: LazyData
Result: NOTE
     'LazyData' is specified without a 'data' directory
Flavors: r-devel-linux-x86_64-debian-clang, r-devel-linux-x86_64-debian-gcc, r-devel-linux-x86_64-fedora-clang, r-devel-linux-x86_64-fedora-gcc, r-devel-windows-x86_64, r-devel-windows-x86_64-gcc10-UCRT, r-patched-linux-x86_64, r-patched-solaris-x86, r-release-linux-x86_64, r-release-macos-arm64, r-release-macos-x86_64, r-release-windows-ix86+x86_64