CRAN Package Check Results for Package nnls

Last updated on 2021-09-18 05:02:39 CEST.

Flavor Version Tinstall Tcheck Ttotal Status Flags
r-devel-linux-x86_64-debian-clang 1.4 2.61 20.73 23.34 OK
r-devel-linux-x86_64-debian-gcc 1.4 2.15 16.67 18.82 OK
r-devel-linux-x86_64-fedora-clang 1.4 38.61 NOTE
r-devel-linux-x86_64-fedora-gcc 1.4 28.14 NOTE
r-devel-windows-x86_64 1.4 6.00 37.00 43.00 OK
r-devel-windows-x86_64-gcc10-UCRT 1.4 OK
r-patched-linux-x86_64 1.4 2.64 20.36 23.00 OK
r-patched-solaris-x86 1.4 44.00 OK
r-release-linux-x86_64 1.4 2.67 20.37 23.04 OK
r-release-macos-arm64 1.4 OK
r-release-macos-x86_64 1.4 OK
r-release-windows-ix86+x86_64 1.4 9.00 29.00 38.00 OK
r-oldrel-macos-x86_64 1.4 OK
r-oldrel-windows-ix86+x86_64 1.4 9.00 33.00 42.00 OK

Check Details

Version: 1.4
Check: Rd cross-references
Result: NOTE
    Undeclared packages ‘quadprog’, ‘bvls’ in Rd xrefs
Flavor: r-devel-linux-x86_64-fedora-clang

Version: 1.4
Check: compiled code
Result: NOTE
    File ‘nnls/libs/nnls.so’:
     Found no calls to: ‘R_registerRoutines’, ‘R_useDynamicSymbols’
    
    It is good practice to register native routines and to disable symbol
    search.
    
    See ‘Writing portable packages’ in the ‘Writing R Extensions’ manual.
Flavors: r-devel-linux-x86_64-fedora-clang, r-devel-linux-x86_64-fedora-gcc