CRAN Package Check Results for Package nnfor

Last updated on 2021-12-01 23:51:44 CET.

Flavor Version Tinstall Tcheck Ttotal Status Flags
r-devel-linux-x86_64-debian-clang 0.9.6 10.14 98.00 108.14 NOTE
r-devel-linux-x86_64-debian-gcc 0.9.6 8.51 75.14 83.65 NOTE
r-devel-linux-x86_64-fedora-clang 0.9.6 146.43 NOTE
r-devel-linux-x86_64-fedora-gcc 0.9.6 134.56 NOTE
r-devel-windows-x86_64-new-UL 0.9.6 21.00 134.00 155.00 NOTE
r-devel-windows-x86_64-new-TK 0.9.6 NOTE
r-devel-windows-x86_64-old 0.9.6 17.00 88.00 105.00 NOTE
r-patched-linux-x86_64 0.9.6 10.10 90.55 100.65 NOTE
r-patched-solaris-x86 0.9.6 179.70 NOTE
r-release-linux-x86_64 0.9.6 9.32 91.22 100.54 NOTE
r-release-macos-arm64 0.9.6 NOTE
r-release-macos-x86_64 0.9.6 NOTE
r-release-windows-ix86+x86_64 0.9.6 25.00 120.00 145.00 NOTE
r-oldrel-macos-x86_64 0.9.6 NOTE
r-oldrel-windows-ix86+x86_64 0.9.6 25.00 124.00 149.00 OK

Check Details

Version: 0.9.6
Check: LazyData
Result: NOTE
     'LazyData' is specified without a 'data' directory
Flavors: r-devel-linux-x86_64-debian-clang, r-devel-linux-x86_64-debian-gcc, r-devel-linux-x86_64-fedora-clang, r-devel-linux-x86_64-fedora-gcc, r-devel-windows-x86_64-new-UL, r-devel-windows-x86_64-new-TK, r-devel-windows-x86_64-old, r-patched-linux-x86_64, r-patched-solaris-x86, r-release-linux-x86_64, r-release-macos-arm64, r-release-macos-x86_64, r-release-windows-ix86+x86_64

Version: 0.9.6
Check: dependencies in R code
Result: NOTE
    Namespace in Imports field not imported from: ‘uroot’
     All declared Imports should be used.
Flavors: r-devel-linux-x86_64-fedora-clang, r-devel-linux-x86_64-fedora-gcc, r-devel-windows-x86_64-new-TK, r-patched-solaris-x86, r-release-macos-arm64, r-release-macos-x86_64, r-oldrel-macos-x86_64