CRAN Package Check Results for Package nnGarrote

Last updated on 2021-09-18 05:02:39 CEST.

Flavor Version Tinstall Tcheck Ttotal Status Flags
r-devel-linux-x86_64-debian-clang 1.0.3 2.48 44.54 47.02 OK
r-devel-linux-x86_64-debian-gcc 1.0.3 1.84 33.30 35.14 OK
r-devel-linux-x86_64-fedora-clang 1.0.3 63.41 NOTE
r-devel-linux-x86_64-fedora-gcc 1.0.3 52.45 NOTE
r-devel-windows-x86_64 1.0.3 4.00 63.00 67.00 OK
r-devel-windows-x86_64-gcc10-UCRT 1.0.3 NOTE
r-patched-linux-x86_64 1.0.3 2.53 42.81 45.34 OK
r-patched-solaris-x86 1.0.3 89.20 NOTE
r-release-linux-x86_64 1.0.3 2.30 42.07 44.37 OK
r-release-macos-arm64 1.0.3 NOTE
r-release-macos-x86_64 1.0.3 NOTE
r-release-windows-ix86+x86_64 1.0.3 6.00 48.00 54.00 OK
r-oldrel-macos-x86_64 1.0.3 NOTE
r-oldrel-windows-ix86+x86_64 1.0.3 7.00 47.00 54.00 OK

Check Details

Version: 1.0.3
Check: dependencies in R code
Result: NOTE
    Namespace in Imports field not imported from: ‘multicool’
     All declared Imports should be used.
Flavors: r-devel-linux-x86_64-fedora-clang, r-devel-linux-x86_64-fedora-gcc, r-devel-windows-x86_64-gcc10-UCRT, r-patched-solaris-x86, r-release-macos-arm64, r-release-macos-x86_64, r-oldrel-macos-x86_64