CRAN Package Check Results for Package nmslibR

Last updated on 2022-01-25 00:49:56 CET.

Flavor Version Tinstall Tcheck Ttotal Status Flags
r-devel-linux-x86_64-debian-clang 1.0.6 37.12 77.24 114.36 OK
r-devel-linux-x86_64-debian-gcc 1.0.6 24.99 60.46 85.45 OK
r-devel-linux-x86_64-fedora-clang 1.0.6 150.86 OK
r-devel-linux-x86_64-fedora-gcc 1.0.6 136.85 OK
r-devel-windows-x86_64-new-UL 1.0.6 68.00 121.00 189.00 OK
r-devel-windows-x86_64-new-TK 1.0.6 OK
r-patched-linux-x86_64 1.0.6 30.82 75.77 106.59 OK
r-release-linux-x86_64 1.0.6 29.66 74.55 104.21 OK
r-release-macos-arm64 1.0.6 OK
r-release-macos-x86_64 1.0.6 OK
r-release-windows-ix86+x86_64 1.0.6 85.00 128.00 213.00 NOTE
r-oldrel-macos-x86_64 1.0.6 OK
r-oldrel-windows-ix86+x86_64 1.0.6 85.00 131.00 216.00 NOTE

Additional issues

M1mac

Check Details

Version: 1.0.6
Check: installed package size
Result: NOTE
     installed size is 5.3Mb
     sub-directories of 1Mb or more:
     libs 2.2Mb
Flavors: r-release-windows-ix86+x86_64, r-oldrel-windows-ix86+x86_64