CRAN Package Check Results for Package nmm

Last updated on 2021-09-19 16:49:11 CEST.

Flavor Version Tinstall Tcheck Ttotal Status Flags
r-devel-linux-x86_64-debian-clang 0.9 20.66 175.70 196.36 OK
r-devel-linux-x86_64-debian-gcc 0.9 17.25 128.24 145.49 OK
r-devel-linux-x86_64-fedora-clang 0.9 235.27 OK
r-devel-linux-x86_64-fedora-gcc 0.9 223.11 OK
r-devel-windows-x86_64 0.9 22.00 210.00 232.00 OK
r-devel-windows-x86_64-gcc10-UCRT 0.9 ERROR
r-patched-linux-x86_64 0.9 18.31 161.03 179.34 OK
r-patched-solaris-x86 0.9 318.90 OK
r-release-linux-x86_64 0.9 16.90 162.87 179.77 OK
r-release-macos-arm64 0.9 OK
r-release-macos-x86_64 0.9 OK
r-release-windows-ix86+x86_64 0.9 45.00 150.00 195.00 OK
r-oldrel-macos-x86_64 0.9 OK
r-oldrel-windows-ix86+x86_64 0.9 44.00 145.00 189.00 OK

Check Details

Version: 0.9
Check: whether package can be installed
Result: WARN
    Found the following significant warnings:
     WARNING: installation-time patches will not be applied, could not get the patches index
Flavor: r-devel-windows-x86_64-gcc10-UCRT

Version: 0.9
Check: PDF version of manual
Result: WARN
    LaTeX errors when creating PDF version.
    This typically indicates Rd problems.
Flavor: r-devel-windows-x86_64-gcc10-UCRT

Version: 0.9
Check: PDF version of manual without hyperrefs or index
Result: ERROR
    Re-running with no redirection of stdout/stderr.
Flavor: r-devel-windows-x86_64-gcc10-UCRT