CRAN Package Check Results for Package nloptr

Last updated on 2022-12-05 16:52:45 CET.

Flavor Version Tinstall Tcheck Ttotal Status Flags
r-devel-linux-x86_64-debian-clang 2.0.3 27.87 47.74 75.61 OK
r-devel-linux-x86_64-debian-gcc 2.0.3 27.79 36.75 64.54 WARN
r-devel-linux-x86_64-fedora-clang 2.0.3 112.05 WARN
r-devel-linux-x86_64-fedora-gcc 2.0.3 126.37 WARN
r-devel-windows-x86_64 2.0.3 42.00 119.00 161.00 OK
r-patched-linux-x86_64 2.0.3 24.05 44.79 68.84 OK
r-release-linux-x86_64 2.0.3 25.24 44.88 70.12 OK
r-release-macos-arm64 2.0.3 53.00 NOTE
r-release-macos-x86_64 2.0.3 51.00 NOTE
r-release-windows-x86_64 2.0.3 50.00 108.00 158.00 OK
r-oldrel-macos-arm64 2.0.3 53.00 NOTE
r-oldrel-macos-x86_64 2.0.3 53.00 NOTE
r-oldrel-windows-ix86+x86_64 2.0.3 66.00 117.00 183.00 OK

Check Details

Version: 2.0.3
Check: compiled code
Result: WARN
    File ‘nloptr/libs/nloptr.so’:
     Found ‘__sprintf_chk’, possibly from ‘sprintf’ (C)
     Object: ‘test-runner.o’
    
    Compiled code should not call entry points which might terminate R nor
    write to stdout/stderr instead of to the console, nor use Fortran I/O
    nor system RNGs nor [v]sprintf.
    
    See ‘Writing portable packages’ in the ‘Writing R Extensions’ manual.
Flavors: r-devel-linux-x86_64-debian-gcc, r-devel-linux-x86_64-fedora-gcc

Version: 2.0.3
Check: compiled code
Result: WARN
    File ‘nloptr/libs/nloptr.so’:
     Found ‘sprintf’, possibly from ‘sprintf’ (C)
     Object: ‘test-runner.o’
    
    Compiled code should not call entry points which might terminate R nor
    write to stdout/stderr instead of to the console, nor use Fortran I/O
    nor system RNGs nor [v]sprintf.
    
    See ‘Writing portable packages’ in the ‘Writing R Extensions’ manual.
Flavor: r-devel-linux-x86_64-fedora-clang

Version: 2.0.3
Check: installed package size
Result: NOTE
     installed size is 6.1Mb
     sub-directories of 1Mb or more:
     libs 5.7Mb
Flavors: r-release-macos-arm64, r-release-macos-x86_64, r-oldrel-macos-arm64, r-oldrel-macos-x86_64