CRAN Package Check Results for Package nloptr

Last updated on 2021-07-24 19:50:25 CEST.

Flavor Version Tinstall Tcheck Ttotal Status Flags
r-devel-linux-x86_64-debian-clang 1.2.2.2 8.37 48.97 57.34 OK
r-devel-linux-x86_64-debian-gcc 1.2.2.2 4.77 37.13 41.90 OK
r-devel-linux-x86_64-fedora-clang 1.2.2.2 77.42 OK
r-devel-linux-x86_64-fedora-gcc 1.2.2.2 67.60 OK
r-devel-windows-x86_64 1.2.2.2 7.00 66.00 73.00 OK
r-devel-windows-x86_64-gcc10-UCRT 1.2.2.2 OK
r-patched-linux-x86_64 1.2.2.2 7.20 46.39 53.59 OK
r-patched-solaris-x86 1.2.2.2 239.60 OK
r-release-linux-x86_64 1.2.2.2 6.48 47.10 53.58 OK
r-release-macos-arm64 1.2.2.2 WARN
r-release-macos-x86_64 1.2.2.2 WARN
r-release-windows-ix86+x86_64 1.2.2.2 14.00 87.00 101.00 OK
r-oldrel-macos-x86_64 1.2.2.2 WARN
r-oldrel-windows-ix86+x86_64 1.2.2.2 30.00 107.00 137.00 OK

Check Details

Version: 1.2.2.2
Check: whether package can be installed
Result: WARN
    Found the following significant warnings:
     clang: warning: treating 'c' input as 'c++' when in C++ mode, this behavior is deprecated [-Wdeprecated]
     DIRsubrout.c:505:10: warning: explicitly assigning value of variable of type 'integer' (aka 'int') to itself [-Wself-assign]
     hybrid.c:91:12: warning: 'nlopt_minimize' is deprecated [-Wdeprecated-declarations]
     newuoa.c:184:9: warning: 'nlopt_minimize_constrained' is deprecated [-Wdeprecated-declarations]
     newuoa.c:1241:10: warning: 'nlopt_minimize_constrained' is deprecated [-Wdeprecated-declarations]
     general.c:134:38: warning: 'syscall' is deprecated: first deprecated in macOS 10.12 - syscall(2) is unsupported; please switch to a supported interface. For SYS_kdebug_trace use kdebug_signpost(). [-Wdeprecated-declarations]
     ./f77funcs.h:57:14: warning: 'nlopt_minimize_constrained' is deprecated [-Wdeprecated-declarations]
     ./f77funcs.h:96:6: warning: 'nlopt_get_local_search_algorithm' is deprecated [-Wdeprecated-declarations]
     ./f77funcs.h:104:6: warning: 'nlopt_set_local_search_algorithm' is deprecated [-Wdeprecated-declarations]
     ./f77funcs.h:109:13: warning: 'nlopt_get_stochastic_population' is deprecated [-Wdeprecated-declarations]
     ./f77funcs.h:113:6: warning: 'nlopt_set_stochastic_population' is deprecated [-Wdeprecated-declarations]
     testopt.cpp:218:11: warning: 'nlopt_minimize' is deprecated [-Wdeprecated-declarations]
Flavors: r-release-macos-arm64, r-release-macos-x86_64, r-oldrel-macos-x86_64