Last updated on 2023-03-31 05:54:30 CEST.
Flavor | Version | Tinstall | Tcheck | Ttotal | Status | Flags |
---|---|---|---|---|---|---|
r-devel-linux-x86_64-debian-clang | 0.3.5 | 47.09 | 492.14 | 539.23 | OK | |
r-devel-linux-x86_64-debian-gcc | 0.3.5 | 0.45 | 1.49 | 1.94 | ERROR | |
r-devel-linux-x86_64-fedora-clang | 0.3.5 | 1.89 | ERROR | |||
r-devel-linux-x86_64-fedora-gcc | 0.3.5 | 690.23 | OK | |||
r-devel-windows-x86_64 | 0.3.5 | 58.00 | 0.00 | 58.00 | OK | |
r-patched-linux-x86_64 | 0.3.5 | 45.74 | 476.29 | 522.03 | OK | |
r-release-linux-x86_64 | 0.3.5 | 38.40 | 446.60 | 485.00 | OK | |
r-release-macos-arm64 | 0.3.5 | 127.00 | OK | |||
r-release-macos-x86_64 | 0.3.5 | 214.00 | OK | |||
r-release-windows-x86_64 | 0.3.5 | 66.00 | 496.00 | 562.00 | OK | |
r-oldrel-macos-arm64 | 0.3.5 | 162.00 | OK | |||
r-oldrel-macos-x86_64 | 0.3.5 | 188.00 | NOTE | |||
r-oldrel-windows-ix86+x86_64 | 0.3.5 | 76.00 | 342.00 | 418.00 | OK |
Version: 0.3.5
Check: package dependencies
Result: ERROR
Package required but not available: ‘MLInterfaces’
See section ‘The DESCRIPTION file’ in the ‘Writing R Extensions’
manual.
Flavors: r-devel-linux-x86_64-debian-gcc, r-devel-linux-x86_64-fedora-clang
Version: 0.3.5
Check: package dependencies
Result: NOTE
Package suggested but not available for checking: ‘ALL’
Flavor: r-oldrel-macos-x86_64