CRAN Package Check Results for Package nima

Last updated on 2021-07-30 19:50:17 CEST.

Flavor Version Tinstall Tcheck Ttotal Status Flags
r-devel-linux-x86_64-debian-clang 0.6.2 NOTE
r-devel-linux-x86_64-debian-gcc 0.6.2 3.91 42.53 46.44 NOTE
r-devel-linux-x86_64-fedora-clang 0.6.2 81.73 NOTE
r-devel-linux-x86_64-fedora-gcc 0.6.2 70.59 NOTE
r-devel-windows-x86_64 0.6.2 7.00 82.00 89.00 NOTE
r-devel-windows-x86_64-gcc10-UCRT 0.6.2 NOTE
r-patched-linux-x86_64 0.6.2 NOTE
r-patched-solaris-x86 0.6.2 105.30 NOTE
r-release-linux-x86_64 0.6.2 4.82 52.71 57.53 NOTE
r-release-macos-arm64 0.6.2 NOTE
r-release-macos-x86_64 0.6.2 NOTE
r-release-windows-ix86+x86_64 0.6.2 14.00 78.00 92.00 NOTE
r-oldrel-macos-x86_64 0.6.2 OK
r-oldrel-windows-ix86+x86_64 0.6.2 14.00 77.00 91.00 OK

Check Details

Version: 0.6.2
Check: LazyData
Result: NOTE
     'LazyData' is specified without a 'data' directory
Flavors: r-devel-linux-x86_64-debian-clang, r-devel-linux-x86_64-debian-gcc, r-devel-linux-x86_64-fedora-clang, r-devel-linux-x86_64-fedora-gcc, r-devel-windows-x86_64, r-devel-windows-x86_64-gcc10-UCRT, r-patched-linux-x86_64, r-patched-solaris-x86, r-release-linux-x86_64, r-release-macos-arm64, r-release-macos-x86_64, r-release-windows-ix86+x86_64