CRAN Package Check Results for Package nhlscrape

Last updated on 2022-07-04 05:50:11 CEST.

Flavor Version Tinstall Tcheck Ttotal Status Flags
r-devel-linux-x86_64-debian-clang 0.1.3 2.87 30.95 33.82 NOTE
r-devel-linux-x86_64-debian-gcc 0.1.3 2.17 23.70 25.87 NOTE
r-devel-linux-x86_64-fedora-clang 0.1.3 51.11 NOTE
r-devel-linux-x86_64-fedora-gcc 0.1.3 50.63 NOTE
r-devel-windows-x86_64 0.1.3 17.00 59.00 76.00 NOTE
r-patched-linux-x86_64 0.1.3 2.02 30.08 32.10 NOTE
r-release-linux-x86_64 0.1.3 2.58 30.06 32.64 NOTE
r-release-macos-arm64 0.1.3 18.00 NOTE
r-release-macos-x86_64 0.1.3 26.00 NOTE
r-release-windows-x86_64 0.1.3 21.00 58.00 79.00 NOTE
r-oldrel-macos-arm64 0.1.3 20.00 NOTE
r-oldrel-macos-x86_64 0.1.3 28.00 NOTE
r-oldrel-windows-ix86+x86_64 0.1.3 7.00 50.00 57.00 NOTE

Check Details

Version: 0.1.3
Check: LazyData
Result: NOTE
     'LazyData' is specified without a 'data' directory
Flavors: r-devel-linux-x86_64-debian-clang, r-devel-linux-x86_64-debian-gcc, r-devel-linux-x86_64-fedora-clang, r-devel-linux-x86_64-fedora-gcc, r-devel-windows-x86_64, r-patched-linux-x86_64, r-release-linux-x86_64, r-release-macos-arm64, r-release-macos-x86_64, r-release-windows-x86_64, r-oldrel-macos-arm64, r-oldrel-macos-x86_64, r-oldrel-windows-ix86+x86_64