CRAN Package Check Results for Package ngramr

Last updated on 2021-08-01 19:51:37 CEST.

Flavor Version Tinstall Tcheck Ttotal Status Flags
r-devel-linux-x86_64-debian-clang 1.7.4 5.72 53.61 59.33 OK
r-devel-linux-x86_64-debian-gcc 1.7.4 4.03 40.50 44.53 OK
r-devel-linux-x86_64-fedora-clang 1.7.4 77.20 NOTE
r-devel-linux-x86_64-fedora-gcc 1.7.4 67.17 NOTE
r-devel-windows-x86_64 1.7.4 10.00 77.00 87.00 OK
r-devel-windows-x86_64-gcc10-UCRT 1.7.4 NOTE
r-patched-linux-x86_64 1.7.4 OK
r-patched-solaris-x86 1.7.4 99.50 NOTE
r-release-linux-x86_64 1.7.4 4.00 50.16 54.16 OK
r-release-macos-arm64 1.7.4 NOTE
r-release-macos-x86_64 1.7.4 NOTE
r-release-windows-ix86+x86_64 1.7.4 14.00 74.00 88.00 OK
r-oldrel-macos-x86_64 1.7.4 NOTE
r-oldrel-windows-ix86+x86_64 1.7.4 9.00 77.00 86.00 OK

Check Details

Version: 1.7.4
Check: dependencies in R code
Result: NOTE
    Namespace in Imports field not imported from: ‘lifecycle’
     All declared Imports should be used.
Flavors: r-devel-linux-x86_64-fedora-clang, r-devel-linux-x86_64-fedora-gcc, r-devel-windows-x86_64-gcc10-UCRT, r-patched-solaris-x86, r-release-macos-arm64, r-release-macos-x86_64, r-oldrel-macos-x86_64