CRAN Package Check Results for Package nflreadr

Last updated on 2021-12-04 11:52:42 CET.

Flavor Version Tinstall Tcheck Ttotal Status Flags
r-devel-linux-x86_64-debian-clang 1.1.1 4.02 50.61 54.63 OK
r-devel-linux-x86_64-debian-gcc 1.1.1 3.02 40.34 43.36 OK
r-devel-linux-x86_64-fedora-clang 1.1.1 70.39 NOTE
r-devel-linux-x86_64-fedora-gcc 1.1.1 59.99 NOTE
r-devel-windows-x86_64-new-UL 1.1.1 15.00 117.00 132.00 OK
r-devel-windows-x86_64-new-TK 1.1.1 NOTE
r-devel-windows-x86_64-old 1.1.1 7.00 68.00 75.00 OK
r-patched-linux-x86_64 1.1.1 4.19 47.85 52.04 OK
r-release-linux-x86_64 1.1.1 3.88 48.04 51.92 OK
r-release-macos-arm64 1.1.1 NOTE
r-release-macos-x86_64 1.1.1 NOTE
r-release-windows-ix86+x86_64 1.1.1 10.00 82.00 92.00 OK
r-oldrel-macos-x86_64 1.1.1 NOTE
r-oldrel-windows-ix86+x86_64 1.1.1 11.00 92.00 103.00 OK

Check Details

Version: 1.1.1
Check: dependencies in R code
Result: NOTE
    Namespaces in Imports field not imported from:
     ‘curl’ ‘qs’
     All declared Imports should be used.
Flavors: r-devel-linux-x86_64-fedora-clang, r-devel-linux-x86_64-fedora-gcc, r-devel-windows-x86_64-new-TK, r-release-macos-arm64, r-release-macos-x86_64, r-oldrel-macos-x86_64

Version: 1.1.1
Check: Rd cross-references
Result: NOTE
    Undeclared package ‘yaml’ in Rd xrefs
Flavor: r-devel-linux-x86_64-fedora-clang