CRAN Package Check Results for Package nflreadr

Last updated on 2022-05-28 14:53:46 CEST.

Flavor Version Tinstall Tcheck Ttotal Status Flags
r-devel-linux-x86_64-debian-clang 1.2.0 4.81 63.24 68.05 OK
r-devel-linux-x86_64-debian-gcc 1.2.0 3.99 48.35 52.34 OK
r-devel-linux-x86_64-fedora-clang 1.2.0 81.77 NOTE
r-devel-linux-x86_64-fedora-gcc 1.2.0 70.63 NOTE
r-devel-windows-x86_64 1.2.0 83.00 120.00 203.00 OK
r-patched-linux-x86_64 1.2.0 4.15 61.00 65.15 OK
r-release-linux-x86_64 1.2.0 4.40 59.53 63.93 OK
r-release-macos-arm64 1.2.0 32.00 NOTE
r-release-macos-x86_64 1.2.0 49.00 NOTE
r-release-windows-x86_64 1.2.0 97.00 129.00 226.00 OK
r-oldrel-macos-arm64 1.2.0 39.00 NOTE
r-oldrel-macos-x86_64 1.2.0 73.00 NOTE
r-oldrel-windows-ix86+x86_64 1.2.0 12.00 105.00 117.00 OK

Check Details

Version: 1.2.0
Check: dependencies in R code
Result: NOTE
    Namespaces in Imports field not imported from:
     ‘curl’ ‘qs’
     All declared Imports should be used.
Flavors: r-devel-linux-x86_64-fedora-clang, r-devel-linux-x86_64-fedora-gcc, r-release-macos-arm64, r-release-macos-x86_64, r-oldrel-macos-arm64, r-oldrel-macos-x86_64

Version: 1.2.0
Check: Rd cross-references
Result: NOTE
    Undeclared package ‘yaml’ in Rd xrefs
Flavor: r-devel-linux-x86_64-fedora-clang