Last updated on 2023-06-06 23:10:00 CEST.
Flavor | Version | Tinstall | Tcheck | Ttotal | Status | Flags |
---|---|---|---|---|---|---|
r-devel-linux-x86_64-debian-clang | 1.3.2 | 6.28 | 81.63 | 87.91 | OK | |
r-devel-linux-x86_64-debian-gcc | 1.3.2 | 4.11 | 61.46 | 65.57 | OK | |
r-devel-linux-x86_64-fedora-clang | 1.3.2 | 117.45 | NOTE | |||
r-devel-linux-x86_64-fedora-gcc | 1.3.2 | 123.22 | OK | |||
r-devel-windows-x86_64 | 1.3.2 | 7.00 | 101.00 | 108.00 | OK | |
r-patched-linux-x86_64 | 1.3.2 | 4.31 | 76.22 | 80.53 | OK | |
r-release-linux-x86_64 | 1.3.2 | 6.25 | 76.99 | 83.24 | OK | |
r-release-macos-arm64 | 1.3.2 | 61.00 | OK | |||
r-release-macos-x86_64 | 1.3.2 | 88.00 | OK | |||
r-release-windows-x86_64 | 1.3.2 | 9.00 | 113.00 | 122.00 | OK | |
r-oldrel-macos-arm64 | 1.3.2 | 41.00 | OK | |||
r-oldrel-macos-x86_64 | 1.3.2 | 55.00 | OK | |||
r-oldrel-windows-x86_64 | 1.3.2 | 8.00 | 106.00 | 114.00 | OK |
Version: 1.3.2
Check: Rd cross-references
Result: NOTE
Undeclared package ‘yaml’ in Rd xrefs
Flavor: r-devel-linux-x86_64-fedora-clang