CRAN Package Check Results for Package neuroim

Last updated on 2021-08-03 19:52:15 CEST.

Flavor Version Tinstall Tcheck Ttotal Status Flags
r-devel-linux-x86_64-debian-clang 0.0.6 43.31 164.99 208.30 OK
r-devel-linux-x86_64-debian-gcc 0.0.6 29.36 121.12 150.48 OK
r-devel-linux-x86_64-fedora-clang 0.0.6 259.52 NOTE
r-devel-linux-x86_64-fedora-gcc 0.0.6 247.30 NOTE
r-devel-windows-x86_64 0.0.6 56.00 210.00 266.00 OK
r-devel-windows-x86_64-gcc10-UCRT 0.0.6 OK
r-patched-linux-x86_64 0.0.6 39.43 153.71 193.14 OK
r-patched-solaris-x86 0.0.6 319.50 OK
r-release-linux-x86_64 0.0.6 32.63 153.40 186.03 OK
r-release-macos-arm64 0.0.6 OK
r-release-macos-x86_64 0.0.6 OK
r-release-windows-ix86+x86_64 0.0.6 86.00 266.00 352.00 OK
r-oldrel-macos-x86_64 0.0.6 OK
r-oldrel-windows-ix86+x86_64 0.0.6 83.00 279.00 362.00 OK

Check Details

Version: 0.0.6
Check: compiled code
Result: NOTE
    File ‘neuroim/libs/neuroim.so’:
     Found no calls to: ‘R_registerRoutines’, ‘R_useDynamicSymbols’
    
    It is good practice to register native routines and to disable symbol
    search.
    
    See ‘Writing portable packages’ in the ‘Writing R Extensions’ manual.
Flavors: r-devel-linux-x86_64-fedora-clang, r-devel-linux-x86_64-fedora-gcc