CRAN Package Check Results for Package networkGen

Last updated on 2022-06-30 17:49:51 CEST.

Flavor Version Tinstall Tcheck Ttotal Status Flags
r-devel-linux-x86_64-debian-clang 0.1.1 3.83 33.21 37.04 NOTE
r-devel-linux-x86_64-debian-gcc 0.1.1 2.33 26.38 28.71 NOTE
r-devel-linux-x86_64-fedora-clang 0.1.1 55.26 NOTE
r-devel-linux-x86_64-fedora-gcc 0.1.1 55.20 NOTE
r-devel-windows-x86_64 0.1.1 26.00 63.00 89.00 NOTE
r-patched-linux-x86_64 0.1.1 2.98 32.30 35.28 NOTE
r-release-linux-x86_64 0.1.1 2.72 33.21 35.93 NOTE
r-release-macos-arm64 0.1.1 20.00 NOTE
r-release-macos-x86_64 0.1.1 27.00 NOTE
r-release-windows-x86_64 0.1.1 20.00 62.00 82.00 NOTE
r-oldrel-macos-arm64 0.1.1 29.00 NOTE
r-oldrel-macos-x86_64 0.1.1 37.00 NOTE
r-oldrel-windows-ix86+x86_64 0.1.1 7.00 54.00 61.00 NOTE

Check Details

Version: 0.1.1
Check: LazyData
Result: NOTE
     'LazyData' is specified without a 'data' directory
Flavors: r-devel-linux-x86_64-debian-clang, r-devel-linux-x86_64-debian-gcc, r-devel-linux-x86_64-fedora-clang, r-devel-linux-x86_64-fedora-gcc, r-devel-windows-x86_64, r-patched-linux-x86_64, r-release-linux-x86_64, r-release-macos-arm64, r-release-macos-x86_64, r-release-windows-x86_64, r-oldrel-macos-arm64, r-oldrel-macos-x86_64, r-oldrel-windows-ix86+x86_64

Version: 0.1.1
Check: for non-standard things in the check directory
Result: NOTE
    Found the following files/directories:
     'map.png' 'maze.html'
Flavors: r-devel-linux-x86_64-debian-clang, r-devel-linux-x86_64-debian-gcc, r-devel-linux-x86_64-fedora-clang, r-devel-linux-x86_64-fedora-gcc, r-patched-linux-x86_64, r-release-linux-x86_64

Version: 0.1.1
Check: dependencies in R code
Result: NOTE
    Namespaces in Imports field not imported from:
     ‘mgcv’ ‘stats’
     All declared Imports should be used.
Flavors: r-devel-linux-x86_64-fedora-clang, r-devel-linux-x86_64-fedora-gcc, r-release-macos-arm64, r-release-macos-x86_64, r-oldrel-macos-arm64, r-oldrel-macos-x86_64