CRAN Package Check Results for Package netrankr

Last updated on 2021-09-23 04:56:35 CEST.

Flavor Version Tinstall Tcheck Ttotal Status Flags
r-devel-linux-x86_64-debian-clang 1.1.0 187.97 93.32 281.29 OK
r-devel-linux-x86_64-debian-gcc 1.1.0 115.41 71.94 187.35 OK
r-devel-linux-x86_64-fedora-clang 1.1.0 406.45 NOTE
r-devel-linux-x86_64-fedora-gcc 1.1.0 342.80 OK
r-devel-windows-x86_64 1.1.0 166.00 115.00 281.00 OK
r-devel-windows-x86_64-gcc10-UCRT 1.1.0 ERROR
r-patched-linux-x86_64 1.1.0 139.45 109.06 248.51 OK
r-patched-solaris-x86 1.1.0 329.20 OK
r-release-linux-x86_64 1.1.0 142.36 109.20 251.56 OK
r-release-macos-arm64 1.1.0 NOTE
r-release-macos-x86_64 1.1.0 NOTE
r-release-windows-ix86+x86_64 1.1.0 427.00 151.00 578.00 OK
r-oldrel-macos-x86_64 1.1.0 NOTE
r-oldrel-windows-ix86+x86_64 1.1.0 303.00 146.00 449.00 OK

Check Details

Version: 1.1.0
Check: installed package size
Result: NOTE
     installed size is 6.2Mb
     sub-directories of 1Mb or more:
     doc 1.0Mb
     libs 4.8Mb
Flavors: r-devel-linux-x86_64-fedora-clang, r-release-macos-arm64, r-release-macos-x86_64, r-oldrel-macos-x86_64

Version: 1.1.0
Check: package dependencies
Result: ERROR
    Package required but not available: 'igraph'
    
    See section 'The DESCRIPTION file' in the 'Writing R Extensions'
    manual.
Flavor: r-devel-windows-x86_64-gcc10-UCRT