CRAN Package Check Results for Package netmeta

Last updated on 2022-01-23 00:57:19 CET.

Flavor Version Tinstall Tcheck Ttotal Status Flags
r-devel-linux-x86_64-debian-clang 2.0-1 30.59 469.45 500.04 OK
r-devel-linux-x86_64-debian-gcc 2.1-0 25.22 366.75 391.97 OK
r-devel-linux-x86_64-fedora-clang 2.1-0 637.04 NOTE
r-devel-linux-x86_64-fedora-gcc 2.1-0 385.82 NOTE
r-devel-windows-x86_64-new-UL 2.1-0 90.00 360.00 450.00 OK
r-devel-windows-x86_64-new-TK 2.1-0 ERROR
r-patched-linux-x86_64 2.1-0 41.89 481.47 523.36 OK
r-release-linux-x86_64 2.0-1 30.57 462.65 493.22 OK
r-release-macos-arm64 2.0-1 NOTE
r-release-macos-x86_64 2.1-0 NOTE
r-release-windows-ix86+x86_64 2.1-0 59.00 538.00 597.00 OK
r-oldrel-macos-x86_64 2.0-1 NOTE
r-oldrel-windows-ix86+x86_64 2.1-0 58.00 544.00 602.00 OK

Check Details

Version: 2.1-0
Check: data for non-ASCII characters
Result: NOTE
     Note: found 2 marked UTF-8 strings
Flavors: r-devel-linux-x86_64-fedora-clang, r-devel-linux-x86_64-fedora-gcc, r-release-macos-x86_64

Version: 2.1-0
Check: package dependencies
Result: ERROR
    Package required but not available: 'meta'
    
    See section 'The DESCRIPTION file' in the 'Writing R Extensions'
    manual.
Flavor: r-devel-windows-x86_64-new-TK

Version: 2.0-1
Check: data for non-ASCII characters
Result: NOTE
     Note: found 1 marked UTF-8 string
Flavors: r-release-macos-arm64, r-oldrel-macos-x86_64