CRAN Package Check Results for Package netgen

Last updated on 2021-07-29 19:52:31 CEST.

Flavor Version Tinstall Tcheck Ttotal Status Flags
r-devel-linux-x86_64-debian-clang 1.3.2 NOTE
r-devel-linux-x86_64-debian-gcc 1.3.2 5.48 48.41 53.89 NOTE
r-devel-linux-x86_64-fedora-clang 1.3.2 94.40 NOTE
r-devel-linux-x86_64-fedora-gcc 1.3.2 81.70 NOTE
r-devel-windows-x86_64 1.3.2 9.00 82.00 91.00 NOTE
r-devel-windows-x86_64-gcc10-UCRT 1.3.2 NOTE
r-patched-linux-x86_64 1.3.2 7.22 59.28 66.50 NOTE
r-patched-solaris-x86 1.3.2 120.30 NOTE
r-release-linux-x86_64 1.3.2 7.02 59.80 66.82 NOTE
r-release-macos-arm64 1.3.2 NOTE
r-release-macos-x86_64 1.3.2 NOTE
r-release-windows-ix86+x86_64 1.3.2 16.00 81.00 97.00 NOTE
r-oldrel-macos-x86_64 1.3.2 OK
r-oldrel-windows-ix86+x86_64 1.3.2 14.00 83.00 97.00 OK

Check Details

Version: 1.3.2
Check: LazyData
Result: NOTE
     'LazyData' is specified without a 'data' directory
Flavors: r-devel-linux-x86_64-debian-clang, r-devel-linux-x86_64-debian-gcc, r-devel-linux-x86_64-fedora-clang, r-devel-linux-x86_64-fedora-gcc, r-devel-windows-x86_64, r-devel-windows-x86_64-gcc10-UCRT, r-patched-linux-x86_64, r-patched-solaris-x86, r-release-linux-x86_64, r-release-macos-arm64, r-release-macos-x86_64, r-release-windows-ix86+x86_64