CRAN Package Check Results for Package netcmc

Last updated on 2024-06-16 17:58:07 CEST.

Flavor Version Tinstall Tcheck Ttotal Status Flags
r-devel-linux-x86_64-debian-clang 1.0.2 845.85 125.46 971.31 NOTE
r-devel-linux-x86_64-debian-gcc 1.0.2 530.49 92.94 623.43 NOTE
r-devel-linux-x86_64-fedora-clang 1.0.2 1599.09 NOTE
r-devel-linux-x86_64-fedora-gcc 1.0.2 1469.92 NOTE
r-devel-windows-x86_64 1.0.2 615.00 138.00 753.00 NOTE
r-patched-linux-x86_64 1.0.2 652.49 118.71 771.20 NOTE
r-release-linux-x86_64 1.0.2 658.49 120.59 779.08 NOTE
r-release-macos-arm64 1.0.2 212.00 NOTE
r-release-macos-x86_64 1.0.2 204.00 NOTE
r-release-windows-x86_64 1.0.2 627.00 138.00 765.00 NOTE
r-oldrel-macos-arm64 1.0.2 290.00 NOTE
r-oldrel-macos-x86_64 1.0.2 514.00 NOTE
r-oldrel-windows-x86_64 1.0.2 760.00 171.00 931.00 NOTE

Check Details

Version: 1.0.2
Check: C++ specification
Result: NOTE Specified C++11: please drop specification unless essential Flavors: r-devel-linux-x86_64-debian-clang, r-devel-linux-x86_64-debian-gcc, r-devel-linux-x86_64-fedora-clang, r-devel-linux-x86_64-fedora-gcc, r-devel-windows-x86_64, r-patched-linux-x86_64, r-release-linux-x86_64, r-release-macos-arm64, r-release-macos-x86_64, r-release-windows-x86_64, r-oldrel-macos-arm64, r-oldrel-macos-x86_64, r-oldrel-windows-x86_64

Version: 1.0.2
Check: installed package size
Result: NOTE installed size is 11.4Mb sub-directories of 1Mb or more: libs 11.2Mb Flavors: r-release-macos-arm64, r-release-macos-x86_64, r-oldrel-macos-arm64, r-oldrel-macos-x86_64