CRAN Package Check Results for Package ncdfgeom

Last updated on 2021-09-20 04:58:25 CEST.

Flavor Version Tinstall Tcheck Ttotal Status Flags
r-devel-linux-x86_64-debian-clang 1.1.1 8.63 97.81 106.44 OK
r-devel-linux-x86_64-debian-gcc 1.1.1 7.07 72.41 79.48 OK
r-devel-linux-x86_64-fedora-clang 1.1.1 132.58 OK
r-devel-linux-x86_64-fedora-gcc 1.1.1 122.17 OK
r-devel-windows-x86_64 1.1.1 10.00 93.00 103.00 OK
r-devel-windows-x86_64-gcc10-UCRT 1.1.1 ERROR
r-patched-linux-x86_64 1.1.1 7.93 95.11 103.04 OK
r-patched-solaris-x86 1.1.1 187.10 OK
r-release-linux-x86_64 1.1.1 8.06 94.93 102.99 OK
r-release-macos-arm64 1.1.1 OK
r-release-macos-x86_64 1.1.1 OK
r-release-windows-ix86+x86_64 1.1.1 17.00 92.00 109.00 OK
r-oldrel-macos-x86_64 1.1.1 OK
r-oldrel-windows-ix86+x86_64 1.1.1 17.00 92.00 109.00 OK

Check Details

Version: 1.1.1
Check: whether package can be installed
Result: WARN
    Found the following significant warnings:
     WARNING: installation-time patches will not be applied, could not get the patches index
Flavor: r-devel-windows-x86_64-gcc10-UCRT

Version: 1.1.1
Check: PDF version of manual
Result: WARN
    LaTeX errors when creating PDF version.
    This typically indicates Rd problems.
Flavor: r-devel-windows-x86_64-gcc10-UCRT

Version: 1.1.1
Check: PDF version of manual without hyperrefs or index
Result: ERROR
    Re-running with no redirection of stdout/stderr.
Flavor: r-devel-windows-x86_64-gcc10-UCRT